Last updated on 2018-04-29 01:47:31 CEST.
Flavor | Version | Tinstall | Tcheck | Ttotal | Status | Flags |
---|---|---|---|---|---|---|
r-devel-linux-x86_64-debian-clang | 0.8 | 3.27 | 27.60 | 30.87 | OK | |
r-devel-linux-x86_64-debian-gcc | 0.8 | 3.47 | 24.13 | 27.60 | OK | |
r-devel-linux-x86_64-fedora-clang | 0.8 | 38.97 | OK | |||
r-devel-linux-x86_64-fedora-gcc | 0.8 | 36.83 | OK | |||
r-devel-windows-ix86+x86_64 | 0.8 | 7.00 | 57.00 | 64.00 | OK | |
r-patched-linux-x86_64 | 0.8 | 3.28 | 26.97 | 30.25 | OK | |
r-patched-solaris-x86 | 0.8 | 59.40 | OK | |||
r-release-linux-x86_64 | 0.8 | 3.95 | 27.52 | 31.47 | OK | |
r-release-windows-ix86+x86_64 | 0.8 | 7.00 | 57.00 | 64.00 | OK | |
r-release-osx-x86_64 | 0.8 | OK | ||||
r-oldrel-windows-ix86+x86_64 | 0.7 | 5.00 | 5.00 | 10.00 | ERROR | |
r-oldrel-osx-x86_64 | 0.8 | OK |
Version: 0.7
Check: package dependencies
Result: ERROR
Package required but not available: 'rPython'
See section 'The DESCRIPTION file' in the 'Writing R Extensions'
manual.
Flavor: r-oldrel-windows-ix86+x86_64