Last updated on 2018-04-29 01:46:30 CEST.
Flavor | Version | Tinstall | Tcheck | Ttotal | Status | Flags |
---|---|---|---|---|---|---|
r-devel-linux-x86_64-debian-clang | 1.0.2 | 7.03 | 46.55 | 53.58 | OK | |
r-devel-linux-x86_64-debian-gcc | 1.0.2 | 6.72 | 37.60 | 44.32 | OK | |
r-devel-linux-x86_64-fedora-clang | 1.0.2 | 66.38 | NOTE | |||
r-devel-linux-x86_64-fedora-gcc | 1.0.2 | 65.75 | NOTE | |||
r-devel-windows-ix86+x86_64 | 1.0.2 | 15.00 | 76.00 | 91.00 | NOTE | |
r-patched-linux-x86_64 | 1.0.2 | 7.30 | 45.42 | 52.72 | OK | |
r-patched-solaris-x86 | 1.0.2 | 109.20 | NOTE | |||
r-release-linux-x86_64 | 1.0.2 | 7.43 | 45.34 | 52.77 | OK | |
r-release-windows-ix86+x86_64 | 1.0.2 | 15.00 | 76.00 | 91.00 | NOTE | |
r-release-osx-x86_64 | 1.0.2 | NOTE | ||||
r-oldrel-windows-ix86+x86_64 | 1.0.2 | 10.00 | 88.00 | 98.00 | NOTE | |
r-oldrel-osx-x86_64 | 1.0.2 | NOTE |
Version: 1.0.2
Check: installed package size
Result: NOTE
installed size is 5.6Mb
sub-directories of 1Mb or more:
data 5.4Mb
Flavors: r-devel-linux-x86_64-fedora-clang, r-devel-linux-x86_64-fedora-gcc, r-devel-windows-ix86+x86_64, r-patched-solaris-x86, r-release-windows-ix86+x86_64, r-release-osx-x86_64, r-oldrel-windows-ix86+x86_64, r-oldrel-osx-x86_64