Last updated on 2018-04-29 01:46:30 CEST.
Flavor | Version | Tinstall | Tcheck | Ttotal | Status | Flags |
---|---|---|---|---|---|---|
r-devel-linux-x86_64-debian-clang | 2.1.1 | 19.99 | 156.98 | 176.97 | OK | |
r-devel-linux-x86_64-debian-gcc | 2.1.1 | 22.41 | 137.59 | 160.00 | OK | |
r-devel-linux-x86_64-fedora-clang | 2.1.1 | 224.21 | OK | |||
r-devel-linux-x86_64-fedora-gcc | 2.1.1 | 215.56 | OK | |||
r-devel-windows-ix86+x86_64 | 2.1.1 | 65.00 | 295.00 | 360.00 | OK | |
r-patched-linux-x86_64 | 2.1.1 | 21.65 | 158.55 | 180.20 | OK | |
r-patched-solaris-x86 | 2.1.1 | 299.60 | NOTE | |||
r-release-linux-x86_64 | 2.1.1 | 22.53 | 158.72 | 181.25 | OK | |
r-release-windows-ix86+x86_64 | 2.1.1 | 65.00 | 295.00 | 360.00 | OK | |
r-release-osx-x86_64 | 2.1.1 | OK | ||||
r-oldrel-windows-ix86+x86_64 | 2.1.1 | 24.00 | 211.00 | 235.00 | OK | |
r-oldrel-osx-x86_64 | 2.1.1 | OK |
Version: 2.1.1
Check: installed package size
Result: NOTE
installed size is 5.4Mb
sub-directories of 1Mb or more:
R 1.4Mb
data 1.3Mb
files 1.9Mb
Flavor: r-patched-solaris-x86