Last updated on 2018-04-29 01:46:30 CEST.
Flavor | Version | Tinstall | Tcheck | Ttotal | Status | Flags |
---|---|---|---|---|---|---|
r-devel-linux-x86_64-debian-clang | 1.0-10 | 27.11 | 302.84 | 329.95 | OK | |
r-devel-linux-x86_64-debian-gcc | 1.0-10 | 24.15 | 242.24 | 266.39 | OK | |
r-devel-linux-x86_64-fedora-clang | 1.0-10 | 397.71 | OK | |||
r-devel-linux-x86_64-fedora-gcc | 1.0-10 | 386.26 | OK | |||
r-devel-windows-ix86+x86_64 | 1.0-10 | 51.00 | 395.00 | 446.00 | OK | |
r-patched-linux-x86_64 | 1.0-10 | 25.02 | 294.76 | 319.78 | OK | |
r-patched-solaris-x86 | 1.0-10 | 505.00 | NOTE | |||
r-release-linux-x86_64 | 1.0-10 | 25.86 | 305.37 | 331.23 | OK | |
r-release-windows-ix86+x86_64 | 1.0-10 | 51.00 | 395.00 | 446.00 | OK | |
r-release-osx-x86_64 | 1.0-10 | OK | ||||
r-oldrel-windows-ix86+x86_64 | 1.0-10 | 9.00 | 336.00 | 345.00 | OK | |
r-oldrel-osx-x86_64 | 1.0-10 | OK |
Version: 1.0-10
Check: installed package size
Result: NOTE
installed size is 5.1Mb
sub-directories of 1Mb or more:
R 1.5Mb
doc 3.0Mb
Flavor: r-patched-solaris-x86