CRAN Package Check Results for Package adimpro

Last updated on 2018-04-29 01:46:30 CEST.

Flavor Version Tinstall Tcheck Ttotal Status Flags
r-devel-linux-x86_64-debian-clang 0.8.2 13.55 41.64 55.19 NOTE
r-devel-linux-x86_64-debian-gcc 0.8.2 10.21 33.34 43.55 NOTE
r-devel-linux-x86_64-fedora-clang 0.8.2 66.63 NOTE
r-devel-linux-x86_64-fedora-gcc 0.8.2 63.66 NOTE
r-devel-windows-ix86+x86_64 0.8.2 48.00 57.00 105.00 OK
r-patched-linux-x86_64 0.8.2 13.88 41.78 55.66 NOTE
r-patched-solaris-x86 0.8.2 89.00 OK
r-release-linux-x86_64 0.8.2 13.11 43.77 56.88 NOTE
r-release-windows-ix86+x86_64 0.8.2 48.00 57.00 105.00 OK
r-release-osx-x86_64 0.8.2 OK
r-oldrel-windows-ix86+x86_64 0.8.2 32.00 51.00 83.00 OK
r-oldrel-osx-x86_64 0.8.2 OK

Check Details

Version: 0.8.2
Check: compiled code
Result: NOTE
    File ‘adimpro/libs/adimpro.so’:
     Found no calls to: ‘R_registerRoutines’, ‘R_useDynamicSymbols’
    
    It is good practice to register native routines and to disable symbol
    search.
    
    See ‘Writing portable packages’ in the ‘Writing R Extensions’ manual.
Flavors: r-devel-linux-x86_64-debian-clang, r-devel-linux-x86_64-debian-gcc, r-devel-linux-x86_64-fedora-clang, r-devel-linux-x86_64-fedora-gcc, r-patched-linux-x86_64, r-release-linux-x86_64