CRAN Package Check Results for Package amt

Last updated on 2018-04-29 01:46:31 CEST.

Flavor Version Tinstall Tcheck Ttotal Status Flags
r-devel-linux-x86_64-debian-clang 0.0.4.0 42.23 130.72 172.95 WARN
r-devel-linux-x86_64-debian-gcc 0.0.4.0 31.71 125.53 157.24 OK
r-devel-linux-x86_64-fedora-clang 0.0.4.0 143.72 NOTE
r-devel-linux-x86_64-fedora-gcc 0.0.4.0 207.57 NOTE
r-devel-windows-ix86+x86_64 0.0.4.0 103.00 265.00 368.00 OK
r-patched-linux-x86_64 0.0.4.0 40.50 131.61 172.11 OK
r-patched-solaris-x86 0.0.4.0 251.70 NOTE
r-release-linux-x86_64 0.0.4.0 42.46 133.18 175.64 OK
r-release-windows-ix86+x86_64 0.0.4.0 103.00 265.00 368.00 OK
r-release-osx-x86_64 0.0.4.0 NOTE
r-oldrel-windows-ix86+x86_64 0.0.4.0 75.00 205.00 280.00 OK
r-oldrel-osx-x86_64 0.0.3.0 NOTE

Check Details

Version: 0.0.4.0
Check: whether package can be installed
Result: WARN
    Found the following significant warnings:
     track_methods.cpp:22:16: warning: using integer absolute value function 'abs' when argument is of floating point type [-Wabsolute-value]
     track_methods.cpp:23:16: warning: using integer absolute value function 'abs' when argument is of floating point type [-Wabsolute-value]
     track_methods.cpp:50:22: warning: using integer absolute value function 'abs' when argument is of floating point type [-Wabsolute-value]
     track_methods.cpp:52:22: warning: using integer absolute value function 'abs' when argument is of floating point type [-Wabsolute-value]
     track_methods.cpp:55:27: warning: using integer absolute value function 'abs' when argument is of floating point type [-Wabsolute-value]
Flavor: r-devel-linux-x86_64-debian-clang

Version: 0.0.4.0
Check: dependencies in R code
Result: NOTE
    Namespaces in Imports field not imported from:
     ‘Rcpp’ ‘magrittr’
     All declared Imports should be used.
Flavors: r-devel-linux-x86_64-fedora-clang, r-devel-linux-x86_64-fedora-gcc, r-patched-solaris-x86, r-release-osx-x86_64

Version: 0.0.3.0
Check: dependencies in R code
Result: NOTE
    Namespace in Imports field not imported from: ‘Rcpp’
     All declared Imports should be used.
Flavor: r-oldrel-osx-x86_64