Last updated on 2018-04-29 01:46:31 CEST.
Flavor | Version | Tinstall | Tcheck | Ttotal | Status | Flags |
---|---|---|---|---|---|---|
r-devel-linux-x86_64-debian-clang | 0.1.1 | 3.44 | 98.19 | 101.63 | OK | |
r-devel-linux-x86_64-debian-gcc | 0.1.1 | 2.45 | 81.28 | 83.73 | OK | |
r-devel-linux-x86_64-fedora-clang | 0.1.1 | 123.71 | NOTE | |||
r-devel-linux-x86_64-fedora-gcc | 0.1.1 | 120.28 | NOTE | |||
r-devel-windows-ix86+x86_64 | 0.1.1 | 12.00 | 150.00 | 162.00 | NOTE | |
r-patched-linux-x86_64 | 0.1.1 | 3.27 | 100.47 | 103.74 | OK | |
r-patched-solaris-x86 | 0.1.1 | 147.90 | NOTE | |||
r-release-linux-x86_64 | 0.1.1 | 4.03 | 99.15 | 103.18 | OK | |
r-release-windows-ix86+x86_64 | 0.1.1 | 12.00 | 150.00 | 162.00 | NOTE | |
r-release-osx-x86_64 | 0.1.1 | NOTE | ||||
r-oldrel-windows-ix86+x86_64 | 0.1.1 | 7.00 | 128.00 | 135.00 | NOTE | |
r-oldrel-osx-x86_64 | 0.1.1 | NOTE |
Version: 0.1.1
Check: installed package size
Result: NOTE
installed size is 5.4Mb
sub-directories of 1Mb or more:
help 4.7Mb
Flavors: r-devel-linux-x86_64-fedora-clang, r-devel-linux-x86_64-fedora-gcc, r-devel-windows-ix86+x86_64, r-patched-solaris-x86, r-release-windows-ix86+x86_64, r-release-osx-x86_64, r-oldrel-windows-ix86+x86_64, r-oldrel-osx-x86_64