Last updated on 2018-04-29 01:46:31 CEST.
Flavor | Version | Tinstall | Tcheck | Ttotal | Status | Flags |
---|---|---|---|---|---|---|
r-devel-linux-x86_64-debian-clang | 1.0.2 | 2.28 | 33.26 | 35.54 | NOTE | |
r-devel-linux-x86_64-debian-gcc | 1.0.2 | 2.12 | 28.91 | 31.03 | NOTE | |
r-devel-linux-x86_64-fedora-clang | 1.0.2 | 43.52 | NOTE | |||
r-devel-linux-x86_64-fedora-gcc | 1.0.2 | 41.60 | NOTE | |||
r-devel-windows-ix86+x86_64 | 1.0.2 | 6.00 | 66.00 | 72.00 | NOTE | |
r-patched-linux-x86_64 | 1.0.2 | 2.11 | 32.96 | 35.07 | NOTE | |
r-patched-solaris-x86 | 1.0.2 | 62.50 | NOTE | |||
r-release-linux-x86_64 | 1.0.2 | 2.66 | 33.37 | 36.03 | NOTE | |
r-release-windows-ix86+x86_64 | 1.0.2 | 6.00 | 66.00 | 72.00 | NOTE | |
r-release-osx-x86_64 | 1.0.2 | NOTE | ||||
r-oldrel-windows-ix86+x86_64 | 1.0.2 | 4.00 | 64.00 | 68.00 | NOTE | |
r-oldrel-osx-x86_64 | 1.0.2 | NOTE |
Version: 1.0.2
Check: R code for possible problems
Result: NOTE
VPC.graph : findQuantile: no visible global function definition for
‘quantile’
VPC.graph : findQuantileCI : <anonymous>: no visible global function
definition for ‘quantile’
asVPC.binW: no visible global function definition for ‘median’
asVPC.binW : <anonymous>: no visible global function definition for
‘quantile’
asVPC.binW: no visible global function definition for ‘quantile’
asVPC.distanceW: no visible global function definition for ‘median’
asVPC.distanceW : <anonymous>: no visible global function definition
for ‘quantile’
asVPC.distanceW: no visible global function definition for ‘quantile’
makeCOVbin: no visible global function definition for ‘quantile’
makeCOVbin: no visible global function definition for ‘median’
read_Simdata: no visible global function definition for ‘read.table’
Undefined global functions or variables:
median quantile read.table
Consider adding
importFrom("stats", "median", "quantile")
importFrom("utils", "read.table")
to your NAMESPACE file.
Flavors: r-devel-linux-x86_64-debian-clang, r-devel-linux-x86_64-debian-gcc, r-devel-linux-x86_64-fedora-clang, r-devel-linux-x86_64-fedora-gcc, r-devel-windows-ix86+x86_64, r-patched-linux-x86_64, r-patched-solaris-x86, r-release-linux-x86_64, r-release-windows-ix86+x86_64, r-release-osx-x86_64, r-oldrel-windows-ix86+x86_64, r-oldrel-osx-x86_64