Last updated on 2018-04-29 01:46:31 CEST.
Flavor | Version | Tinstall | Tcheck | Ttotal | Status | Flags |
---|---|---|---|---|---|---|
r-devel-linux-x86_64-debian-clang | 1.2 | 1.55 | 56.61 | 58.16 | OK | |
r-devel-linux-x86_64-debian-gcc | 1.2 | 0.99 | 44.97 | 45.96 | OK | |
r-devel-linux-x86_64-fedora-clang | 1.2 | 69.05 | NOTE | |||
r-devel-linux-x86_64-fedora-gcc | 1.2 | 67.52 | NOTE | |||
r-devel-windows-ix86+x86_64 | 1.2 | 5.00 | 88.00 | 93.00 | OK | |
r-patched-linux-x86_64 | 1.2 | 1.36 | 55.80 | 57.16 | OK | |
r-patched-solaris-x86 | 1.2 | 100.30 | NOTE | |||
r-release-linux-x86_64 | 1.2 | 1.57 | 55.61 | 57.18 | OK | |
r-release-windows-ix86+x86_64 | 1.2 | 5.00 | 88.00 | 93.00 | OK | |
r-release-osx-x86_64 | 1.2 | NOTE | ||||
r-oldrel-windows-ix86+x86_64 | 1.2 | 3.00 | 92.00 | 95.00 | OK | |
r-oldrel-osx-x86_64 | 1.2 | NOTE |
Version: 1.2
Check: dependencies in R code
Result: NOTE
Namespace in Imports field not imported from: ‘stringi’
All declared Imports should be used.
Flavors: r-devel-linux-x86_64-fedora-clang, r-devel-linux-x86_64-fedora-gcc, r-patched-solaris-x86, r-release-osx-x86_64, r-oldrel-osx-x86_64