CRAN Package Check Results for Package aws

Last updated on 2018-04-29 01:46:32 CEST.

Flavor Version Tinstall Tcheck Ttotal Status Flags
r-devel-linux-x86_64-debian-clang 1.9-6 10.80 39.21 50.01 NOTE
r-devel-linux-x86_64-debian-gcc 1.9-6 8.57 31.71 40.28 NOTE
r-devel-linux-x86_64-fedora-clang 1.9-6 53.01 NOTE
r-devel-linux-x86_64-fedora-gcc 1.9-6 48.38 NOTE
r-devel-windows-ix86+x86_64 1.9-6 37.00 54.00 91.00 OK
r-patched-linux-x86_64 1.9-6 10.09 38.63 48.72 NOTE
r-patched-solaris-x86 1.9-6 75.60 OK
r-release-linux-x86_64 1.9-6 12.80 40.02 52.82 NOTE
r-release-windows-ix86+x86_64 1.9-6 37.00 54.00 91.00 OK
r-release-osx-x86_64 1.9-6 OK
r-oldrel-windows-ix86+x86_64 1.9-6 27.00 53.00 80.00 OK
r-oldrel-osx-x86_64 1.9-6 OK

Check Details

Version: 1.9-6
Check: compiled code
Result: NOTE
    File ‘aws/libs/aws.so’:
     Found no calls to: ‘R_registerRoutines’, ‘R_useDynamicSymbols’
    
    It is good practice to register native routines and to disable symbol
    search.
    
    See ‘Writing portable packages’ in the ‘Writing R Extensions’ manual.
Flavors: r-devel-linux-x86_64-debian-clang, r-devel-linux-x86_64-debian-gcc, r-devel-linux-x86_64-fedora-clang, r-devel-linux-x86_64-fedora-gcc, r-patched-linux-x86_64, r-release-linux-x86_64