CRAN Package Check Results for Package baitmet

Last updated on 2018-04-29 01:46:32 CEST.

Flavor Version Tinstall Tcheck Ttotal Status Flags
r-devel-linux-x86_64-debian-clang 1.0.1 7.35 73.49 80.84 OK
r-devel-linux-x86_64-debian-gcc 1.0.1 5.40 68.90 74.30 OK
r-devel-linux-x86_64-fedora-clang 1.0.1 78.01 OK
r-devel-linux-x86_64-fedora-gcc 1.0.1 75.68 OK
r-devel-windows-ix86+x86_64 1.0.1 20.00 117.00 137.00 OK
r-patched-linux-x86_64 1.0.1 5.56 72.47 78.03 OK
r-patched-solaris-x86 1.0.1 148.10 NOTE
r-release-linux-x86_64 1.0.1 7.03 73.16 80.19 OK
r-release-windows-ix86+x86_64 1.0.1 20.00 117.00 137.00 OK
r-release-osx-x86_64 1.0.1 NOTE
r-oldrel-windows-ix86+x86_64 1.0.1 12.00 117.00 129.00 OK
r-oldrel-osx-x86_64 1.0.1 NOTE

Check Details

Version: 1.0.1
Check: package dependencies
Result: NOTE
    Package suggested but not available for checking: ‘mzR’
Flavors: r-patched-solaris-x86, r-release-osx-x86_64, r-oldrel-osx-x86_64