Last updated on 2018-04-29 01:46:32 CEST.
Flavor | Version | Tinstall | Tcheck | Ttotal | Status | Flags |
---|---|---|---|---|---|---|
r-devel-linux-x86_64-debian-clang | 0.1-3 | 1.72 | 15.33 | 17.05 | NOTE | |
r-devel-linux-x86_64-debian-gcc | 0.1-3 | 1.17 | 12.97 | 14.14 | NOTE | |
r-devel-linux-x86_64-fedora-clang | 0.1-3 | 17.90 | NOTE | |||
r-devel-linux-x86_64-fedora-gcc | 0.1-3 | 16.22 | NOTE | |||
r-devel-windows-ix86+x86_64 | 0.1-3 | 12.00 | 34.00 | 46.00 | OK | |
r-patched-linux-x86_64 | 0.1-3 | 1.64 | 14.97 | 16.61 | NOTE | |
r-patched-solaris-x86 | 0.1-3 | 34.20 | OK | |||
r-release-linux-x86_64 | 0.1-3 | 1.51 | 15.10 | 16.61 | NOTE | |
r-release-windows-ix86+x86_64 | 0.1-3 | 12.00 | 34.00 | 46.00 | OK | |
r-release-osx-x86_64 | 0.1-3 | OK | ||||
r-oldrel-windows-ix86+x86_64 | 0.1-3 | 8.00 | 28.00 | 36.00 | OK | |
r-oldrel-osx-x86_64 | 0.1-3 | OK |
Version: 0.1-3
Check: compiled code
Result: NOTE
File ‘base64enc/libs/base64enc.so’:
Found no calls to: ‘R_registerRoutines’, ‘R_useDynamicSymbols’
It is good practice to register native routines and to disable symbol
search.
See ‘Writing portable packages’ in the ‘Writing R Extensions’ manual.
Flavors: r-devel-linux-x86_64-debian-clang, r-devel-linux-x86_64-debian-gcc, r-devel-linux-x86_64-fedora-clang, r-devel-linux-x86_64-fedora-gcc, r-patched-linux-x86_64, r-release-linux-x86_64