CRAN Package Check Results for Package bayesTFR

Last updated on 2018-04-29 01:46:32 CEST.

Flavor Version Tinstall Tcheck Ttotal Status Flags
r-devel-linux-x86_64-debian-clang 6.1-2 12.06 67.26 79.32 OK
r-devel-linux-x86_64-debian-gcc 6.1-2 10.73 53.09 63.82 OK
r-devel-linux-x86_64-fedora-clang 6.1-2 95.52 NOTE
r-devel-linux-x86_64-fedora-gcc 6.1-2 91.92 NOTE
r-devel-windows-ix86+x86_64 6.1-2 34.00 131.00 165.00 OK
r-patched-linux-x86_64 6.1-2 10.75 67.78 78.53 OK
r-patched-solaris-x86 6.1-2 120.50 OK
r-release-linux-x86_64 6.1-2 10.18 67.34 77.52 OK
r-release-windows-ix86+x86_64 6.1-2 34.00 131.00 165.00 OK
r-release-osx-x86_64 6.1-2 NOTE
r-oldrel-windows-ix86+x86_64 6.1-2 16.00 150.00 166.00 OK
r-oldrel-osx-x86_64 6.1-2 NOTE

Check Details

Version: 6.1-2
Check: installed package size
Result: NOTE
     installed size is 6.1Mb
     sub-directories of 1Mb or more:
     ex-data 4.7Mb
Flavors: r-devel-linux-x86_64-fedora-clang, r-devel-linux-x86_64-fedora-gcc, r-release-osx-x86_64, r-oldrel-osx-x86_64