Last updated on 2018-04-29 01:46:32 CEST.
Flavor | Version | Tinstall | Tcheck | Ttotal | Status | Flags |
---|---|---|---|---|---|---|
r-devel-linux-x86_64-debian-clang | 4.0.1 | 80.81 | 34.35 | 115.16 | OK | |
r-devel-linux-x86_64-debian-gcc | 4.0.1 | 68.89 | 27.13 | 96.02 | OK | |
r-devel-linux-x86_64-fedora-clang | 4.0.1 | 154.28 | OK | |||
r-devel-linux-x86_64-fedora-gcc | 4.0.1 | 145.34 | NOTE | |||
r-devel-windows-ix86+x86_64 | 4.0.1 | 200.00 | 92.00 | 292.00 | OK | |
r-patched-linux-x86_64 | 4.0.1 | 79.04 | 33.32 | 112.36 | OK | |
r-patched-solaris-x86 | 4.0.1 | 153.10 | OK | |||
r-release-linux-x86_64 | 4.0.1 | 86.64 | 33.67 | 120.31 | OK | |
r-release-windows-ix86+x86_64 | 4.0.1 | 200.00 | 92.00 | 292.00 | OK | |
r-release-osx-x86_64 | 4.0.1 | OK | ||||
r-oldrel-windows-ix86+x86_64 | 4.0.1 | 148.00 | 100.00 | 248.00 | OK | |
r-oldrel-osx-x86_64 | 4.0.1 | OK |
Version: 4.0.1
Check: installed package size
Result: NOTE
installed size is 6.0Mb
sub-directories of 1Mb or more:
libs 5.7Mb
Flavor: r-devel-linux-x86_64-fedora-gcc