CRAN Package Check Results for Package betategarch

Last updated on 2018-04-29 01:46:32 CEST.

Flavor Version Tinstall Tcheck Ttotal Status Flags
r-devel-linux-x86_64-debian-clang 3.3 2.87 24.02 26.89 NOTE
r-devel-linux-x86_64-debian-gcc 3.3 2.36 20.63 22.99 NOTE
r-devel-linux-x86_64-fedora-clang 3.3 35.27 NOTE
r-devel-linux-x86_64-fedora-gcc 3.3 32.57 NOTE
r-devel-windows-ix86+x86_64 3.3 12.00 59.00 71.00 OK
r-patched-linux-x86_64 3.3 3.12 23.94 27.06 NOTE
r-patched-solaris-x86 3.3 49.80 OK
r-release-linux-x86_64 3.3 2.10 24.00 26.10 NOTE
r-release-windows-ix86+x86_64 3.3 12.00 59.00 71.00 OK
r-release-osx-x86_64 3.3 OK
r-oldrel-windows-ix86+x86_64 3.3 7.00 64.00 71.00 OK
r-oldrel-osx-x86_64 3.3 OK

Check Details

Version: 3.3
Check: compiled code
Result: NOTE
    File ‘betategarch/libs/betategarch.so’:
     Found no calls to: ‘R_registerRoutines’, ‘R_useDynamicSymbols’
    
    It is good practice to register native routines and to disable symbol
    search.
    
    See ‘Writing portable packages’ in the ‘Writing R Extensions’ manual.
Flavors: r-devel-linux-x86_64-debian-clang, r-devel-linux-x86_64-debian-gcc, r-devel-linux-x86_64-fedora-clang, r-devel-linux-x86_64-fedora-gcc, r-patched-linux-x86_64, r-release-linux-x86_64