Last updated on 2018-04-29 01:46:33 CEST.
Flavor | Version | Tinstall | Tcheck | Ttotal | Status | Flags |
---|---|---|---|---|---|---|
r-devel-linux-x86_64-debian-clang | 0.1.1 | 9.62 | 23.20 | 32.82 | OK | |
r-devel-linux-x86_64-debian-gcc | 0.1.1 | 7.78 | 19.45 | 27.23 | OK | |
r-devel-linux-x86_64-fedora-clang | 0.1.1 | 38.46 | OK | |||
r-devel-linux-x86_64-fedora-gcc | 0.1.1 | 33.00 | OK | |||
r-devel-windows-ix86+x86_64 | 0.1.1 | 29.00 | 56.00 | 85.00 | OK | |
r-patched-linux-x86_64 | 0.1.1 | 9.97 | 22.88 | 32.85 | OK | |
r-patched-solaris-x86 | 0.1.1 | 7.90 | ERROR | |||
r-release-linux-x86_64 | 0.1.1 | 9.34 | 22.84 | 32.18 | OK | |
r-release-windows-ix86+x86_64 | 0.1.1 | 29.00 | 56.00 | 85.00 | OK | |
r-release-osx-x86_64 | 0.1.0 | OK | ||||
r-oldrel-windows-ix86+x86_64 | 0.1.1 | 31.00 | 70.00 | 101.00 | OK | |
r-oldrel-osx-x86_64 | 0.1.0 | OK |
Version: 0.1.1
Check: whether package can be installed
Result: ERROR
Installation failed.
Flavor: r-patched-solaris-x86