Last updated on 2018-04-29 01:46:33 CEST.
Flavor | Version | Tinstall | Tcheck | Ttotal | Status | Flags |
---|---|---|---|---|---|---|
r-devel-linux-x86_64-debian-clang | 1.1.1 | 91.96 | 51.81 | 143.77 | NOTE | |
r-devel-linux-x86_64-debian-gcc | 1.1.1 | 66.32 | 44.87 | 111.19 | NOTE | |
r-devel-linux-x86_64-fedora-clang | 1.1.1 | 201.45 | NOTE | |||
r-devel-linux-x86_64-fedora-gcc | 1.1.1 | 168.00 | NOTE | |||
r-devel-windows-ix86+x86_64 | 1.1.1 | 177.00 | 136.00 | 313.00 | NOTE | |
r-patched-linux-x86_64 | 1.1.1 | 82.32 | 51.96 | 134.28 | NOTE | |
r-patched-solaris-x86 | 1.1.1 | 184.00 | NOTE | |||
r-release-linux-x86_64 | 1.1.1 | 79.33 | 52.16 | 131.49 | NOTE | |
r-release-windows-ix86+x86_64 | 1.1.1 | 177.00 | 136.00 | 313.00 | NOTE | |
r-release-osx-x86_64 | 1.1.1 | NOTE | ||||
r-oldrel-windows-ix86+x86_64 | 1.1.1 | 136.00 | 125.00 | 261.00 | NOTE | |
r-oldrel-osx-x86_64 | 1.1.1 | NOTE |
Version: 1.1.1
Check: R code for possible problems
Result: NOTE
blockmodelskmeans: no visible global function definition for ‘dist’
matrixplot: no visible global function definition for ‘image’
matrixplot: no visible global function definition for ‘hsv’
matrixplot: no visible global function definition for ‘axis’
Undefined global functions or variables:
axis dist hsv image
Consider adding
importFrom("grDevices", "hsv")
importFrom("graphics", "axis", "image")
importFrom("stats", "dist")
to your NAMESPACE file.
Flavors: r-devel-linux-x86_64-debian-clang, r-devel-linux-x86_64-debian-gcc, r-devel-linux-x86_64-fedora-clang, r-devel-linux-x86_64-fedora-gcc, r-devel-windows-ix86+x86_64, r-patched-linux-x86_64, r-patched-solaris-x86, r-release-linux-x86_64, r-release-windows-ix86+x86_64, r-release-osx-x86_64, r-oldrel-windows-ix86+x86_64, r-oldrel-osx-x86_64
Version: 1.1.1
Check: compiled code
Result: NOTE
File ‘blockmodels/libs/blockmodels.so’:
Found no calls to: ‘R_registerRoutines’, ‘R_useDynamicSymbols’
It is good practice to register native routines and to disable symbol
search.
See ‘Writing portable packages’ in the ‘Writing R Extensions’ manual.
Flavors: r-devel-linux-x86_64-debian-clang, r-devel-linux-x86_64-debian-gcc, r-devel-linux-x86_64-fedora-clang, r-devel-linux-x86_64-fedora-gcc, r-patched-linux-x86_64, r-release-linux-x86_64
Version: 1.1.1
Check: installed package size
Result: NOTE
installed size is 12.3Mb
sub-directories of 1Mb or more:
libs 11.6Mb
Flavors: r-devel-linux-x86_64-fedora-clang, r-devel-linux-x86_64-fedora-gcc, r-devel-windows-ix86+x86_64, r-release-windows-ix86+x86_64, r-release-osx-x86_64, r-oldrel-windows-ix86+x86_64, r-oldrel-osx-x86_64