CRAN Package Check Results for Package bodenmiller

Last updated on 2018-04-29 01:46:33 CEST.

Flavor Version Tinstall Tcheck Ttotal Status Flags
r-devel-linux-x86_64-debian-clang 0.1 5.06 29.88 34.94 OK
r-devel-linux-x86_64-debian-gcc 0.1 4.46 24.05 28.51 OK
r-devel-linux-x86_64-fedora-clang 0.1 41.88 NOTE
r-devel-linux-x86_64-fedora-gcc 0.1 40.25 NOTE
r-devel-windows-ix86+x86_64 0.1 10.00 65.00 75.00 NOTE
r-patched-linux-x86_64 0.1 4.98 28.65 33.63 OK
r-patched-solaris-x86 0.1 60.90 NOTE
r-release-linux-x86_64 0.1 5.08 28.35 33.43 OK
r-release-windows-ix86+x86_64 0.1 10.00 65.00 75.00 NOTE
r-release-osx-x86_64 0.1 NOTE
r-oldrel-windows-ix86+x86_64 0.1 7.00 59.00 66.00 NOTE
r-oldrel-osx-x86_64 0.1 NOTE

Check Details

Version: 0.1
Check: installed package size
Result: NOTE
     installed size is 8.9Mb
     sub-directories of 1Mb or more:
     data 8.7Mb
Flavors: r-devel-linux-x86_64-fedora-clang, r-devel-linux-x86_64-fedora-gcc, r-devel-windows-ix86+x86_64, r-patched-solaris-x86, r-release-windows-ix86+x86_64, r-release-osx-x86_64, r-oldrel-windows-ix86+x86_64, r-oldrel-osx-x86_64