CRAN Package Check Results for Package cartogram

Last updated on 2018-04-29 01:46:35 CEST.

Flavor Version Tinstall Tcheck Ttotal Status Flags
r-devel-linux-x86_64-debian-clang 0.0.2 1.73 33.58 35.31 OK
r-devel-linux-x86_64-debian-gcc 0.0.2 1.81 30.31 32.12 OK
r-devel-linux-x86_64-fedora-clang 0.0.2 44.60 OK
r-devel-linux-x86_64-fedora-gcc 0.0.2 40.93 OK
r-devel-windows-ix86+x86_64 0.0.2 4.00 64.00 68.00 OK
r-patched-linux-x86_64 0.0.2 1.57 33.16 34.73 OK
r-patched-solaris-x86 0.0.2 65.60 OK
r-release-linux-x86_64 0.0.2 2.02 32.84 34.86 OK
r-release-windows-ix86+x86_64 0.0.2 4.00 64.00 68.00 OK
r-release-osx-x86_64 0.0.2 OK
r-oldrel-windows-ix86+x86_64 0.0.2 3.00 60.00 63.00 OK
r-oldrel-osx-x86_64 0.0.2 ERROR

Check Details

Version: 0.0.2
Check: package dependencies
Result: NOTE
    Package suggested but not available for checking: ‘rgdal’
Flavor: r-oldrel-osx-x86_64

Version: 0.0.2
Check: examples
Result: ERROR
    Running examples in ‘cartogram-Ex.R’ failed
    The error most likely occurred in:
    
    > ### Name: cartogram
    > ### Title: Calculate cartogram boundaries
    > ### Aliases: cartogram
    >
    > ### ** Examples
    >
    >
    > library(maptools)
    Loading required package: sp
    Checking rgeos availability: TRUE
    > library(cartogram)
    > library(rgdal)
    Error in library(rgdal) : there is no package called ‘rgdal’
    Execution halted
Flavor: r-oldrel-osx-x86_64