Last updated on 2018-04-29 01:46:35 CEST.
Flavor | Version | Tinstall | Tcheck | Ttotal | Status | Flags |
---|---|---|---|---|---|---|
r-devel-linux-x86_64-debian-clang | 0.5-0 | 4.44 | 27.73 | 32.17 | NOTE | |
r-devel-linux-x86_64-debian-gcc | 0.5-0 | 4.38 | 22.96 | 27.34 | NOTE | |
r-devel-linux-x86_64-fedora-clang | 0.5-0 | 41.34 | NOTE | |||
r-devel-linux-x86_64-fedora-gcc | 0.5-0 | 38.55 | NOTE | |||
r-devel-windows-ix86+x86_64 | 0.5-0 | 11.00 | 60.00 | 71.00 | NOTE | |
r-patched-linux-x86_64 | 0.5-0 | 4.85 | 27.63 | 32.48 | NOTE | |
r-patched-solaris-x86 | 0.5-0 | 52.40 | NOTE | |||
r-release-linux-x86_64 | 0.5-0 | 4.32 | 27.63 | 31.95 | NOTE | |
r-release-windows-ix86+x86_64 | 0.5-0 | 11.00 | 60.00 | 71.00 | NOTE | |
r-release-osx-x86_64 | 0.5-0 | NOTE | ||||
r-oldrel-windows-ix86+x86_64 | 0.5-0 | 7.00 | 56.00 | 63.00 | NOTE | |
r-oldrel-osx-x86_64 | 0.5-0 | NOTE |
Version: 0.5-0
Check: R code for possible problems
Result: NOTE
WFI: no visible binding for global variable ‘dnorm’
bmeEst: no visible binding for global variable ‘dnorm’
bmeEst: no visible global function definition for ‘optimize’
catIrt: no visible binding for global variable ‘dnorm’
catIrt: no visible global function definition for ‘txtProgressBar’
catIrt: no visible global function definition for ‘setTxtProgressBar’
eapEst: no visible binding for global variable ‘dnorm’
itChoose: no visible binding for global variable ‘dnorm’
itChoose: no visible global function definition for ‘runif’
logLik.brm: no visible binding for global variable ‘dnorm’
logLik.grm: no visible binding for global variable ‘dnorm’
middleCat: no visible binding for global variable ‘dnorm’
middleCat: no visible global function definition for ‘runif’
mleEst: no visible global function definition for ‘optimize’
plot.catIrt: no visible global function definition for ‘devAskNewPage’
plot.catIrt: no visible global function definition for ‘plot’
plot.catIrt: no visible global function definition for ‘axis’
plot.catIrt: no visible global function definition for ‘lines’
plot.catIrt: no visible global function definition for ‘qnorm’
plot.catIrt: no visible global function definition for ‘modifyList’
plot.catIrt: no visible binding for global variable ‘plot’
plot.catIrt: no visible global function definition for ‘mtext’
plot.catIrt: no visible global function definition for ‘segments’
plot.catIrt: no visible global function definition for ‘abline’
simIrt: no visible global function definition for ‘runif’
startCat: no visible binding for global variable ‘dnorm’
startCat: no visible global function definition for ‘runif’
summary.catIrt: no visible global function definition for ‘sd’
summary.catIrt: no visible global function definition for ‘cor’
termCI: no visible global function definition for ‘qnorm’
termGLR: no visible global function definition for ‘logLik’
termSPRT: no visible global function definition for ‘logLik’
wleEst: no visible global function definition for ‘uniroot’
Undefined global functions or variables:
abline axis cor devAskNewPage dnorm lines logLik modifyList mtext
optimize plot qnorm runif sd segments setTxtProgressBar
txtProgressBar uniroot
Consider adding
importFrom("grDevices", "devAskNewPage")
importFrom("graphics", "abline", "axis", "lines", "mtext", "plot",
"segments")
importFrom("stats", "cor", "dnorm", "logLik", "optimize", "qnorm",
"runif", "sd", "uniroot")
importFrom("utils", "modifyList", "setTxtProgressBar",
"txtProgressBar")
to your NAMESPACE file.
Flavors: r-devel-linux-x86_64-debian-clang, r-devel-linux-x86_64-debian-gcc, r-devel-linux-x86_64-fedora-clang, r-devel-linux-x86_64-fedora-gcc, r-devel-windows-ix86+x86_64, r-patched-linux-x86_64, r-patched-solaris-x86, r-release-linux-x86_64, r-release-windows-ix86+x86_64, r-release-osx-x86_64, r-oldrel-windows-ix86+x86_64, r-oldrel-osx-x86_64
Version: 0.5-0
Check: compiled code
Result: NOTE
File ‘catIrt/libs/catIrt.so’:
Found no calls to: ‘R_registerRoutines’, ‘R_useDynamicSymbols’
It is good practice to register native routines and to disable symbol
search.
See ‘Writing portable packages’ in the ‘Writing R Extensions’ manual.
Flavors: r-devel-linux-x86_64-debian-clang, r-devel-linux-x86_64-debian-gcc, r-devel-linux-x86_64-fedora-clang, r-devel-linux-x86_64-fedora-gcc, r-patched-linux-x86_64, r-release-linux-x86_64