Last updated on 2018-04-29 01:46:35 CEST.
Flavor | Version | Tinstall | Tcheck | Ttotal | Status | Flags |
---|---|---|---|---|---|---|
r-devel-linux-x86_64-debian-clang | 0.5 | 38.89 | 29.65 | 68.54 | WARN | |
r-devel-linux-x86_64-debian-gcc | 0.5 | 33.56 | 25.41 | 58.97 | OK | |
r-devel-linux-x86_64-fedora-clang | 0.5 | 93.80 | WARN | |||
r-devel-linux-x86_64-fedora-gcc | 0.5 | 89.68 | OK | |||
r-devel-windows-ix86+x86_64 | 0.5 | 96.00 | 88.00 | 184.00 | OK | |
r-patched-linux-x86_64 | 0.5 | 43.86 | 29.26 | 73.12 | OK | |
r-patched-solaris-x86 | 0.5 | 99.50 | OK | |||
r-release-linux-x86_64 | 0.5 | 40.64 | 29.48 | 70.12 | OK | |
r-release-windows-ix86+x86_64 | 0.5 | 96.00 | 88.00 | 184.00 | OK | |
r-release-osx-x86_64 | 0.5 | WARN | ||||
r-oldrel-windows-ix86+x86_64 | 0.5 | 75.00 | 77.00 | 152.00 | OK | |
r-oldrel-osx-x86_64 | 0.5 | OK |
Version: 0.5
Check: whether package can be installed
Result: WARN
Found the following significant warnings:
slpcovis.cpp:381:12: warning: explicitly assigning value of variable of type 'int' to itself [-Wself-assign]
Flavors: r-devel-linux-x86_64-debian-clang, r-devel-linux-x86_64-fedora-clang, r-release-osx-x86_64