Last updated on 2018-04-29 01:46:35 CEST.
Flavor | Version | Tinstall | Tcheck | Ttotal | Status | Flags |
---|---|---|---|---|---|---|
r-devel-linux-x86_64-debian-clang | 2.0 | 4.25 | 55.16 | 59.41 | NOTE | |
r-devel-linux-x86_64-debian-gcc | 2.0 | 4.73 | 52.89 | 57.62 | NOTE | |
r-devel-linux-x86_64-fedora-clang | 2.0 | 74.09 | NOTE | |||
r-devel-linux-x86_64-fedora-gcc | 2.0 | 70.77 | NOTE | |||
r-devel-windows-ix86+x86_64 | 2.0 | 11.00 | 84.00 | 95.00 | NOTE | |
r-patched-linux-x86_64 | 2.0 | 4.63 | 53.95 | 58.58 | NOTE | |
r-patched-solaris-x86 | 2.0 | 114.80 | NOTE | |||
r-release-linux-x86_64 | 2.0 | 3.75 | 54.44 | 58.19 | NOTE | |
r-release-windows-ix86+x86_64 | 2.0 | 11.00 | 84.00 | 95.00 | NOTE | |
r-release-osx-x86_64 | 2.0 | NOTE | ||||
r-oldrel-windows-ix86+x86_64 | 2.0 | 8.00 | 88.00 | 96.00 | NOTE | |
r-oldrel-osx-x86_64 | 2.0 | ERROR |
Version: 2.0
Check: dependencies in R code
Result: NOTE
Unexported objects imported by ':::' calls:
‘copula:::dCdu’ ‘copula:::fitCopStart’
See the note in ?`:::` about the use of this operator.
Flavors: r-devel-linux-x86_64-debian-clang, r-devel-linux-x86_64-debian-gcc, r-devel-linux-x86_64-fedora-clang, r-devel-linux-x86_64-fedora-gcc, r-devel-windows-ix86+x86_64, r-patched-linux-x86_64, r-patched-solaris-x86, r-release-linux-x86_64, r-release-windows-ix86+x86_64, r-release-osx-x86_64, r-oldrel-windows-ix86+x86_64
Version: 2.0
Check: package dependencies
Result: ERROR
Package required but not available: ‘copula’
See section ‘The DESCRIPTION file’ in the ‘Writing R Extensions’
manual.
Flavor: r-oldrel-osx-x86_64