Last updated on 2018-04-29 01:46:39 CEST.
Flavor | Version | Tinstall | Tcheck | Ttotal | Status | Flags |
---|---|---|---|---|---|---|
r-devel-linux-x86_64-debian-clang | 1.1.1 | 3.29 | 30.34 | 33.63 | OK | |
r-devel-linux-x86_64-debian-gcc | 1.1.1 | 2.27 | 26.27 | 28.54 | OK | |
r-devel-linux-x86_64-fedora-clang | 1.1.1 | 38.28 | NOTE | |||
r-devel-linux-x86_64-fedora-gcc | 1.1.1 | 37.13 | NOTE | |||
r-devel-windows-ix86+x86_64 | 1.1.1 | 7.00 | 58.00 | 65.00 | NOTE | |
r-patched-linux-x86_64 | 1.1.1 | 3.00 | 29.65 | 32.65 | OK | |
r-patched-solaris-x86 | 1.1.1 | 65.70 | NOTE | |||
r-release-linux-x86_64 | 1.1.1 | 2.39 | 30.52 | 32.91 | OK | |
r-release-windows-ix86+x86_64 | 1.1.1 | 7.00 | 58.00 | 65.00 | NOTE | |
r-release-osx-x86_64 | 1.1.1 | NOTE | ||||
r-oldrel-windows-ix86+x86_64 | 1.1.1 | 5.00 | 64.00 | 69.00 | NOTE | |
r-oldrel-osx-x86_64 | 1.1.1 | NOTE |
Version: 1.1.1
Check: installed package size
Result: NOTE
installed size is 18.0Mb
sub-directories of 1Mb or more:
data 17.9Mb
Flavors: r-devel-linux-x86_64-fedora-clang, r-devel-linux-x86_64-fedora-gcc, r-devel-windows-ix86+x86_64, r-patched-solaris-x86, r-release-windows-ix86+x86_64, r-release-osx-x86_64, r-oldrel-windows-ix86+x86_64, r-oldrel-osx-x86_64