CRAN Package Check Results for Package collUtils

Last updated on 2018-04-29 01:46:40 CEST.

Flavor Version Tinstall Tcheck Ttotal Status Flags
r-devel-linux-x86_64-debian-clang 1.0.5 16.82 34.19 51.01 NOTE
r-devel-linux-x86_64-debian-gcc 1.0.5 14.31 31.27 45.58 NOTE
r-devel-linux-x86_64-fedora-clang 1.0.5 67.00 NOTE
r-devel-linux-x86_64-fedora-gcc 1.0.5 56.56 NOTE
r-devel-windows-ix86+x86_64 1.0.5 52.00 86.00 138.00 OK
r-patched-linux-x86_64 1.0.5 17.27 33.91 51.18 NOTE
r-patched-solaris-x86 1.0.5 74.70 OK
r-release-linux-x86_64 1.0.5 19.23 34.34 53.57 NOTE
r-release-windows-ix86+x86_64 1.0.5 52.00 86.00 138.00 OK
r-release-osx-x86_64 1.0.5 OK
r-oldrel-windows-ix86+x86_64 1.0.5 39.00 79.00 118.00 OK
r-oldrel-osx-x86_64 1.0.5 OK

Check Details

Version: 1.0.5
Check: compiled code
Result: NOTE
    File ‘collUtils/libs/collUtils.so’:
     Found no calls to: ‘R_registerRoutines’, ‘R_useDynamicSymbols’
    
    It is good practice to register native routines and to disable symbol
    search.
    
    See ‘Writing portable packages’ in the ‘Writing R Extensions’ manual.
Flavors: r-devel-linux-x86_64-debian-clang, r-devel-linux-x86_64-debian-gcc, r-devel-linux-x86_64-fedora-clang, r-devel-linux-x86_64-fedora-gcc, r-patched-linux-x86_64, r-release-linux-x86_64