CRAN Package Check Results for Package coloc

Last updated on 2018-04-29 01:46:40 CEST.

Flavor Version Tinstall Tcheck Ttotal Status Flags
r-devel-linux-x86_64-debian-clang 3.1 10.92 110.04 120.96 OK
r-devel-linux-x86_64-debian-gcc 3.1 9.79 101.81 111.60 OK
r-devel-linux-x86_64-fedora-clang 3.1 149.09 NOTE
r-devel-linux-x86_64-fedora-gcc 3.1 143.88 NOTE
r-devel-windows-ix86+x86_64 3.1 22.00 174.00 196.00 OK
r-patched-linux-x86_64 3.1 10.76 108.95 119.71 OK
r-patched-solaris-x86 3.1 208.50 NOTE
r-release-linux-x86_64 3.1 8.34 109.47 117.81 OK
r-release-windows-ix86+x86_64 3.1 22.00 174.00 196.00 OK
r-release-osx-x86_64 3.1 NOTE
r-oldrel-windows-ix86+x86_64 3.1 13.00 136.00 149.00 OK
r-oldrel-osx-x86_64 3.1 NOTE

Check Details

Version: 3.1
Check: dependencies in R code
Result: NOTE
    Namespaces in Imports field not imported from:
     ‘flashClust’ ‘speedglm’
     All declared Imports should be used.
Flavors: r-devel-linux-x86_64-fedora-clang, r-devel-linux-x86_64-fedora-gcc, r-patched-solaris-x86, r-release-osx-x86_64, r-oldrel-osx-x86_64