Last updated on 2018-04-29 01:46:40 CEST.
Flavor | Version | Tinstall | Tcheck | Ttotal | Status | Flags |
---|---|---|---|---|---|---|
r-devel-linux-x86_64-debian-clang | 0.3 | 1.58 | 22.26 | 23.84 | NOTE | |
r-devel-linux-x86_64-debian-gcc | 0.3 | 0.97 | 18.34 | 19.31 | NOTE | |
r-devel-linux-x86_64-fedora-clang | 0.3 | 29.21 | NOTE | |||
r-devel-linux-x86_64-fedora-gcc | 0.3 | 27.43 | NOTE | |||
r-devel-windows-ix86+x86_64 | 0.3 | 5.00 | 38.00 | 43.00 | NOTE | |
r-patched-linux-x86_64 | 0.3 | 1.52 | 21.92 | 23.44 | NOTE | |
r-patched-solaris-x86 | 0.3 | 41.50 | NOTE | |||
r-release-linux-x86_64 | 0.3 | 1.11 | 22.37 | 23.48 | NOTE | |
r-release-windows-ix86+x86_64 | 0.3 | 5.00 | 38.00 | 43.00 | NOTE | |
r-release-osx-x86_64 | 0.3 | NOTE | ||||
r-oldrel-windows-ix86+x86_64 | 0.3 | 2.00 | 35.00 | 37.00 | NOTE | |
r-oldrel-osx-x86_64 | 0.3 | NOTE |
Version: 0.3
Check: DESCRIPTION meta-information
Result: NOTE
Malformed Description field: should contain one or more complete sentences.
Flavors: r-devel-linux-x86_64-debian-clang, r-devel-linux-x86_64-debian-gcc, r-devel-linux-x86_64-fedora-clang, r-devel-linux-x86_64-fedora-gcc, r-devel-windows-ix86+x86_64, r-patched-linux-x86_64, r-patched-solaris-x86, r-release-linux-x86_64, r-release-windows-ix86+x86_64, r-release-osx-x86_64, r-oldrel-windows-ix86+x86_64, r-oldrel-osx-x86_64
Version: 0.3
Check: R code for possible problems
Result: NOTE
conicPlot: no visible global function definition for ‘palette’
conicPlotAsymptotes: no visible global function definition for
‘palette’
conicPlotAsymptotes: no visible global function definition for ‘abline’
conicPlotAxes: no visible global function definition for ‘palette’
conicPlotAxes: no visible global function definition for ‘abline’
plotDegenerateConic: no visible global function definition for ‘plot’
plotDegenerateConic: no visible global function definition for ‘points’
plotDegenerateConic: no visible global function definition for ‘abline’
plotEllipsis: no visible global function definition for ‘lines’
plotEllipsis: no visible global function definition for ‘plot’
plotEllipsis: no visible global function definition for ‘points’
plotHyperbola: no visible global function definition for ‘lines’
plotHyperbola: no visible global function definition for ‘plot’
plotHyperbola: no visible global function definition for ‘points’
plotParabola: no visible global function definition for ‘lines’
plotParabola: no visible global function definition for ‘plot’
Undefined global functions or variables:
abline lines palette plot points
Consider adding
importFrom("grDevices", "palette")
importFrom("graphics", "abline", "lines", "plot", "points")
to your NAMESPACE file.
Flavors: r-devel-linux-x86_64-debian-clang, r-devel-linux-x86_64-debian-gcc, r-devel-linux-x86_64-fedora-clang, r-devel-linux-x86_64-fedora-gcc, r-devel-windows-ix86+x86_64, r-patched-linux-x86_64, r-patched-solaris-x86, r-release-linux-x86_64, r-release-windows-ix86+x86_64, r-release-osx-x86_64, r-oldrel-windows-ix86+x86_64, r-oldrel-osx-x86_64
Version: 0.3
Check: dependencies in R code
Result: NOTE
Namespace in Imports field not imported from: ‘graphics’
All declared Imports should be used.
Flavors: r-devel-linux-x86_64-fedora-clang, r-devel-linux-x86_64-fedora-gcc, r-patched-solaris-x86, r-release-osx-x86_64, r-oldrel-osx-x86_64