CRAN Package Check Results for Package corpus

Last updated on 2018-04-29 01:46:40 CEST.

Flavor Version Tinstall Tcheck Ttotal Status Flags
r-devel-linux-x86_64-debian-clang 0.10.0 23.49 41.68 65.17 OK
r-devel-linux-x86_64-debian-gcc 0.10.0 19.14 35.39 54.53 OK
r-devel-linux-x86_64-fedora-clang 0.10.0 80.76 NOTE
r-devel-linux-x86_64-fedora-gcc 0.10.0 77.46 NOTE
r-devel-windows-ix86+x86_64 0.10.0 131.00 106.00 237.00 OK
r-patched-linux-x86_64 0.10.0 22.90 42.58 65.48 OK
r-patched-solaris-x86 0.10.0 111.20 NOTE
r-release-linux-x86_64 0.10.0 22.47 41.71 64.18 OK
r-release-windows-ix86+x86_64 0.10.0 131.00 106.00 237.00 OK
r-release-osx-x86_64 0.10.0 NOTE
r-oldrel-windows-ix86+x86_64 0.10.0 83.00 106.00 189.00 OK
r-oldrel-osx-x86_64 0.10.0 NOTE

Check Details

Version: 0.10.0
Check: data for non-ASCII characters
Result: NOTE
     Note: found 578 marked UTF-8 strings
Flavors: r-devel-linux-x86_64-fedora-clang, r-devel-linux-x86_64-fedora-gcc, r-patched-solaris-x86, r-release-osx-x86_64, r-oldrel-osx-x86_64