Last updated on 2018-04-29 01:46:40 CEST.
Flavor | Version | Tinstall | Tcheck | Ttotal | Status | Flags |
---|---|---|---|---|---|---|
r-devel-linux-x86_64-debian-clang | 0.84 | 2.59 | 34.17 | 36.76 | OK | |
r-devel-linux-x86_64-debian-gcc | 0.84 | 2.02 | 27.64 | 29.66 | OK | |
r-devel-linux-x86_64-fedora-clang | 0.84 | 44.36 | NOTE | |||
r-devel-linux-x86_64-fedora-gcc | 0.84 | 43.22 | NOTE | |||
r-devel-windows-ix86+x86_64 | 0.84 | 7.00 | 82.00 | 89.00 | NOTE | |
r-patched-linux-x86_64 | 0.84 | 2.56 | 33.73 | 36.29 | OK | |
r-patched-solaris-x86 | 0.84 | 65.90 | NOTE | |||
r-release-linux-x86_64 | 0.84 | 2.08 | 33.85 | 35.93 | OK | |
r-release-windows-ix86+x86_64 | 0.84 | 7.00 | 82.00 | 89.00 | NOTE | |
r-release-osx-x86_64 | 0.84 | NOTE | ||||
r-oldrel-windows-ix86+x86_64 | 0.84 | 4.00 | 73.00 | 77.00 | NOTE | |
r-oldrel-osx-x86_64 | 0.84 | NOTE |
Version: 0.84
Check: installed package size
Result: NOTE
installed size is 7.0Mb
sub-directories of 1Mb or more:
doc 6.9Mb
Flavors: r-devel-linux-x86_64-fedora-clang, r-devel-linux-x86_64-fedora-gcc, r-devel-windows-ix86+x86_64, r-patched-solaris-x86, r-release-windows-ix86+x86_64, r-release-osx-x86_64, r-oldrel-windows-ix86+x86_64, r-oldrel-osx-x86_64