Last updated on 2018-04-29 01:46:40 CEST.
Flavor | Version | Tinstall | Tcheck | Ttotal | Status | Flags |
---|---|---|---|---|---|---|
r-devel-linux-x86_64-debian-clang | 0.1.0 | 3.26 | 33.84 | 37.10 | OK | |
r-devel-linux-x86_64-debian-gcc | 0.1.0 | 2.84 | 29.53 | 32.37 | OK | |
r-devel-linux-x86_64-fedora-clang | 0.1.0 | 45.03 | NOTE | |||
r-devel-linux-x86_64-fedora-gcc | 0.1.0 | 42.74 | NOTE | |||
r-devel-windows-ix86+x86_64 | 0.1.0 | 11.00 | 76.00 | 87.00 | OK | |
r-patched-linux-x86_64 | 0.1.0 | 3.12 | 33.32 | 36.44 | OK | |
r-patched-solaris-x86 | 0.1.0 | 65.60 | NOTE | |||
r-release-linux-x86_64 | 0.1.0 | 3.08 | 33.48 | 36.56 | OK | |
r-release-windows-ix86+x86_64 | 0.1.0 | 11.00 | 76.00 | 87.00 | OK | |
r-release-osx-x86_64 | 0.1.0 | NOTE | ||||
r-oldrel-windows-ix86+x86_64 | 0.1.0 | 6.00 | 76.00 | 82.00 | OK | |
r-oldrel-osx-x86_64 | 0.1.0 | NOTE |
Version: 0.1.0
Check: dependencies in R code
Result: NOTE
Namespace in Imports field not imported from: ‘maps’
All declared Imports should be used.
Flavors: r-devel-linux-x86_64-fedora-clang, r-devel-linux-x86_64-fedora-gcc, r-patched-solaris-x86, r-release-osx-x86_64, r-oldrel-osx-x86_64