Last updated on 2018-04-29 01:46:40 CEST.
Flavor | Version | Tinstall | Tcheck | Ttotal | Status | Flags |
---|---|---|---|---|---|---|
r-devel-linux-x86_64-debian-clang | 0.1.0 | 1.13 | 66.70 | 67.83 | OK | |
r-devel-linux-x86_64-debian-gcc | 0.1.0 | 0.97 | 51.44 | 52.41 | OK | |
r-devel-linux-x86_64-fedora-clang | 0.1.0 | 79.89 | NOTE | |||
r-devel-linux-x86_64-fedora-gcc | 0.1.0 | 73.51 | NOTE | |||
r-devel-windows-ix86+x86_64 | 0.1.0 | 4.00 | 102.00 | 106.00 | OK | |
r-patched-linux-x86_64 | 0.1.0 | 1.42 | 66.63 | 68.05 | OK | |
r-patched-solaris-x86 | 0.1.0 | 106.30 | NOTE | |||
r-release-linux-x86_64 | 0.1.0 | 0.98 | 64.86 | 65.84 | OK | |
r-release-windows-ix86+x86_64 | 0.1.0 | 4.00 | 102.00 | 106.00 | OK | |
r-release-osx-x86_64 | 0.1.0 | NOTE | ||||
r-oldrel-windows-ix86+x86_64 | 0.1.0 | 3.00 | 197.00 | 200.00 | OK | |
r-oldrel-osx-x86_64 | 0.1.0 | NOTE |
Version: 0.1.0
Check: dependencies in R code
Result: NOTE
Namespaces in Imports field not imported from:
‘ggplot2’ ‘misc3d’
All declared Imports should be used.
Flavors: r-devel-linux-x86_64-fedora-clang, r-devel-linux-x86_64-fedora-gcc, r-patched-solaris-x86, r-release-osx-x86_64, r-oldrel-osx-x86_64