Last updated on 2018-04-29 01:46:41 CEST.
Flavor | Version | Tinstall | Tcheck | Ttotal | Status | Flags |
---|---|---|---|---|---|---|
r-devel-linux-x86_64-debian-clang | 0.1 | 3.34 | 241.80 | 245.14 | OK | |
r-devel-linux-x86_64-debian-gcc | 0.1 | 2.85 | 188.22 | 191.07 | OK | |
r-devel-linux-x86_64-fedora-clang | 0.1 | 284.15 | NOTE | |||
r-devel-linux-x86_64-fedora-gcc | 0.1 | 279.88 | NOTE | |||
r-devel-windows-ix86+x86_64 | 0.1 | 10.00 | 309.00 | 319.00 | OK | |
r-patched-linux-x86_64 | 0.1 | 3.10 | 244.44 | 247.54 | OK | |
r-patched-solaris-x86 | 0.1 | 168.90 | WARN | |||
r-release-linux-x86_64 | 0.1 | 3.25 | 242.68 | 245.93 | OK | |
r-release-windows-ix86+x86_64 | 0.1 | 10.00 | 309.00 | 319.00 | OK | |
r-release-osx-x86_64 | 0.1 | WARN | ||||
r-oldrel-windows-ix86+x86_64 | 0.1 | 7.00 | 345.00 | 352.00 | OK | |
r-oldrel-osx-x86_64 | 0.1 | WARN |
Version: 0.1
Check: installed package size
Result: NOTE
installed size is 5.0Mb
sub-directories of 1Mb or more:
doc 4.7Mb
Flavors: r-devel-linux-x86_64-fedora-clang, r-devel-linux-x86_64-fedora-gcc, r-patched-solaris-x86, r-release-osx-x86_64
Version: 0.1
Check: data for non-ASCII characters
Result: NOTE
Note: found 4 marked Latin-1 strings
Note: found 25 marked UTF-8 strings
Flavors: r-devel-linux-x86_64-fedora-clang, r-devel-linux-x86_64-fedora-gcc, r-patched-solaris-x86, r-release-osx-x86_64, r-oldrel-osx-x86_64
Version: 0.1
Check: re-building of vignette outputs
Result: WARN
Error in re-building vignettes:
...
Warning in engine$weave(file, quiet = quiet, encoding = enc) :
Pandoc (>= 1.12.3) and/or pandoc-citeproc not available. Falling back to R Markdown v1.
Quitting from lines 76-77 (cranly.Rmd)
Error: processing vignette 'cranly.Rmd' failed with diagnostics:
there is no package called 'webshot'
Execution halted
Flavor: r-patched-solaris-x86
Version: 0.1
Check: re-building of vignette outputs
Result: WARN
Error in re-building vignettes:
...
Warning in engine$weave(file, quiet = quiet, encoding = enc) :
Pandoc (>= 1.12.3) and/or pandoc-citeproc not available. Falling back to R Markdown v1.
Quitting from lines 76-77 (cranly.Rmd)
Error: processing vignette 'cranly.Rmd' failed with diagnostics:
cannot open the connection
Execution halted
Flavors: r-release-osx-x86_64, r-oldrel-osx-x86_64