Last updated on 2018-04-29 01:46:41 CEST.
Flavor | Version | Tinstall | Tcheck | Ttotal | Status | Flags |
---|---|---|---|---|---|---|
r-devel-linux-x86_64-debian-clang | 1.0 | 0.90 | 21.53 | 22.43 | NOTE | |
r-devel-linux-x86_64-debian-gcc | 1.0 | 0.74 | 17.64 | 18.38 | NOTE | |
r-devel-linux-x86_64-fedora-clang | 1.0 | 26.36 | NOTE | |||
r-devel-linux-x86_64-fedora-gcc | 1.0 | 25.03 | NOTE | |||
r-devel-windows-ix86+x86_64 | 1.0 | 2.00 | 43.00 | 45.00 | NOTE | |
r-patched-linux-x86_64 | 1.0 | 0.65 | 20.69 | 21.34 | NOTE | |
r-patched-solaris-x86 | 1.0 | 41.90 | NOTE | |||
r-release-linux-x86_64 | 1.0 | 0.67 | 20.65 | 21.32 | NOTE | |
r-release-windows-ix86+x86_64 | 1.0 | 2.00 | 43.00 | 45.00 | NOTE | |
r-release-osx-x86_64 | 1.0 | NOTE | ||||
r-oldrel-windows-ix86+x86_64 | 1.0 | 2.00 | 41.00 | 43.00 | NOTE | |
r-oldrel-osx-x86_64 | 1.0 | NOTE |
Version: 1.0
Check: R code for possible problems
Result: NOTE
BootC : BSs: no visible global function definition for ‘lm’
BootC : BSs: no visible global function definition for ‘vcov’
BootC: no visible global function definition for ‘boot’
BootC: no visible global function definition for ‘boot.ci’
DeltaC: no visible global function definition for ‘lm’
DeltaC: no visible global function definition for ‘vcov’
FiellerC: no visible global function definition for ‘lm’
FiellerC: no visible global function definition for ‘vcov’
nonLinearC: no visible global function definition for ‘nls’
Undefined global functions or variables:
boot boot.ci lm nls vcov
Consider adding
importFrom("stats", "lm", "nls", "vcov")
to your NAMESPACE file.
Flavors: r-devel-linux-x86_64-debian-clang, r-devel-linux-x86_64-debian-gcc, r-devel-linux-x86_64-fedora-clang, r-devel-linux-x86_64-fedora-gcc, r-devel-windows-ix86+x86_64, r-patched-linux-x86_64, r-patched-solaris-x86, r-release-linux-x86_64, r-release-windows-ix86+x86_64, r-release-osx-x86_64, r-oldrel-windows-ix86+x86_64, r-oldrel-osx-x86_64