CRAN Package Check Results for Package ctl

Last updated on 2018-04-29 01:46:41 CEST.

Flavor Version Tinstall Tcheck Ttotal Status Flags
r-devel-linux-x86_64-debian-clang 1.0.0-0 5.81 58.42 64.23 WARN
r-devel-linux-x86_64-debian-gcc 1.0.0-0 4.61 47.63 52.24 NOTE
r-devel-linux-x86_64-fedora-clang 1.0.0-0 78.82 WARN
r-devel-linux-x86_64-fedora-gcc 1.0.0-0 76.07 NOTE
r-devel-windows-ix86+x86_64 1.0.0-0 17.00 144.00 161.00 OK
r-patched-linux-x86_64 1.0.0-0 5.54 60.13 65.67 NOTE
r-patched-solaris-x86 1.0.0-0 107.80 OK
r-release-linux-x86_64 1.0.0-0 6.24 59.06 65.30 NOTE
r-release-windows-ix86+x86_64 1.0.0-0 17.00 144.00 161.00 OK
r-release-osx-x86_64 1.0.0-0 OK
r-oldrel-windows-ix86+x86_64 1.0.0-0 16.00 141.00 157.00 OK
r-oldrel-osx-x86_64 1.0.0-0 OK

Check Details

Version: 1.0.0-0
Check: whether package can be installed
Result: WARN
    Found the following significant warnings:
     ./ctl.h:38:23: warning: token pasting of ',' and __VA_ARGS__ is a GNU extension [-Wgnu-zero-variadic-macro-arguments]
     ./ctl.h:36:25: warning: token pasting of ',' and __VA_ARGS__ is a GNU extension [-Wgnu-zero-variadic-macro-arguments]
Flavors: r-devel-linux-x86_64-debian-clang, r-devel-linux-x86_64-fedora-clang

Version: 1.0.0-0
Check: compiled code
Result: NOTE
    File ‘ctl/libs/ctl.so’:
     Found no calls to: ‘R_registerRoutines’, ‘R_useDynamicSymbols’
    
    It is good practice to register native routines and to disable symbol
    search.
    
    See ‘Writing portable packages’ in the ‘Writing R Extensions’ manual.
Flavors: r-devel-linux-x86_64-debian-clang, r-devel-linux-x86_64-debian-gcc, r-devel-linux-x86_64-fedora-clang, r-devel-linux-x86_64-fedora-gcc, r-patched-linux-x86_64, r-release-linux-x86_64