Last updated on 2018-04-29 01:46:41 CEST.
Flavor | Version | Tinstall | Tcheck | Ttotal | Status | Flags |
---|---|---|---|---|---|---|
r-devel-linux-x86_64-debian-clang | 2.3.3 | 3.96 | 92.23 | 96.19 | NOTE | |
r-devel-linux-x86_64-debian-gcc | 2.3.3 | 3.78 | 67.91 | 71.69 | NOTE | |
r-devel-linux-x86_64-fedora-clang | 2.3.3 | 115.54 | NOTE | |||
r-devel-linux-x86_64-fedora-gcc | 2.3.3 | 114.68 | NOTE | |||
r-devel-windows-ix86+x86_64 | 2.3.3 | 9.00 | 187.00 | 196.00 | OK | |
r-patched-linux-x86_64 | 2.3.3 | 4.24 | 92.68 | 96.92 | NOTE | |
r-patched-solaris-x86 | 2.3.3 | 135.10 | OK | |||
r-release-linux-x86_64 | 2.3.3 | 3.97 | 91.34 | 95.31 | NOTE | |
r-release-windows-ix86+x86_64 | 2.3.3 | 9.00 | 187.00 | 196.00 | OK | |
r-release-osx-x86_64 | 2.3.3 | OK | ||||
r-oldrel-windows-ix86+x86_64 | 2.3.3 | 7.00 | 178.00 | 185.00 | OK | |
r-oldrel-osx-x86_64 | 2.3.3 | OK |
Version: 2.3.3
Check: compiled code
Result: NOTE
File ‘cusp/libs/cusp.so’:
Found no calls to: ‘R_registerRoutines’, ‘R_useDynamicSymbols’
It is good practice to register native routines and to disable symbol
search.
See ‘Writing portable packages’ in the ‘Writing R Extensions’ manual.
Flavors: r-devel-linux-x86_64-debian-clang, r-devel-linux-x86_64-debian-gcc, r-devel-linux-x86_64-fedora-clang, r-devel-linux-x86_64-fedora-gcc, r-patched-linux-x86_64, r-release-linux-x86_64