Last updated on 2018-04-29 01:46:41 CEST.
Flavor | Version | Tinstall | Tcheck | Ttotal | Status | Flags |
---|---|---|---|---|---|---|
r-devel-linux-x86_64-debian-clang | 2.8.0 | 4.83 | 88.95 | 93.78 | OK | |
r-devel-linux-x86_64-debian-gcc | 2.8.0 | 5.23 | 72.51 | 77.74 | OK | |
r-devel-linux-x86_64-fedora-clang | 2.8.0 | 104.86 | NOTE | |||
r-devel-linux-x86_64-fedora-gcc | 2.8.0 | 103.02 | NOTE | |||
r-devel-windows-ix86+x86_64 | 2.8.0 | 15.00 | 145.00 | 160.00 | OK | |
r-patched-linux-x86_64 | 2.8.0 | 4.53 | 88.88 | 93.41 | OK | |
r-patched-solaris-x86 | 2.8.0 | 141.30 | NOTE | |||
r-release-linux-x86_64 | 2.8.0 | 6.23 | 89.02 | 95.25 | OK | |
r-release-windows-ix86+x86_64 | 2.8.0 | 15.00 | 145.00 | 160.00 | OK | |
r-release-osx-x86_64 | 2.8.0 | NOTE | ||||
r-oldrel-windows-ix86+x86_64 | 2.8.0 | 9.00 | 156.00 | 165.00 | OK | |
r-oldrel-osx-x86_64 | 2.8.0 | NOTE |
Version: 2.8.0
Check: dependencies in R code
Result: NOTE
Namespace in Imports field not imported from: ‘curl’
All declared Imports should be used.
Flavors: r-devel-linux-x86_64-fedora-clang, r-devel-linux-x86_64-fedora-gcc, r-patched-solaris-x86, r-release-osx-x86_64, r-oldrel-osx-x86_64