CRAN Package Check Results for Package dendroTools

Last updated on 2018-04-29 01:46:42 CEST.

Flavor Version Tinstall Tcheck Ttotal Status Flags
r-devel-linux-x86_64-debian-clang 0.0.7 13.65 1051.69 1065.34 WARN
r-devel-linux-x86_64-debian-gcc 0.0.7 11.48 927.06 938.54 OK
r-devel-linux-x86_64-fedora-clang 0.0.7 1387.37 OK
r-devel-linux-x86_64-fedora-gcc 0.0.7 1330.40 OK
r-devel-windows-ix86+x86_64 0.0.7 26.00 1406.00 1432.00 OK
r-patched-linux-x86_64 0.0.7 12.51 1088.01 1100.52 WARN
r-release-linux-x86_64 0.0.7 12.78 1061.78 1074.56 WARN
r-release-windows-ix86+x86_64 0.0.7 26.00 1406.00 1432.00 OK
r-release-osx-x86_64 0.0.7 OK
r-oldrel-windows-ix86+x86_64 0.0.7 16.00 1044.00 1060.00 OK
r-oldrel-osx-x86_64 0.0.7 OK

Check Details

Version: 0.0.7
Check: re-building of vignette outputs
Result: WARN
    Error in re-building vignettes:
     ...
    Warning: Removed 92 rows containing missing values (geom_path).
    Warning: Removed 71 rows containing missing values (geom_path).
    Warning: Removed 120 rows containing missing values (geom_path).
    Warning: Removed 125 rows containing missing values (geom_path).
    Warning: Removed 30 rows containing missing values (geom_path).
    Apr 27, 2018 7:49:54 AM com.github.fommil.netlib.BLAS <clinit>
    WARNING: Failed to load implementation from: com.github.fommil.netlib.NativeSystemBLAS
    Apr 27, 2018 7:49:54 AM com.github.fommil.netlib.BLAS <clinit>
    WARNING: Failed to load implementation from: com.github.fommil.netlib.NativeRefBLAS
    Apr 27, 2018 7:49:54 AM com.github.fommil.netlib.LAPACK <clinit>
    WARNING: Failed to load implementation from: com.github.fommil.netlib.NativeSystemLAPACK
    Apr 27, 2018 7:49:54 AM com.github.fommil.netlib.LAPACK <clinit>
    WARNING: Failed to load implementation from: com.github.fommil.netlib.NativeRefLAPACK
    Killed
Flavor: r-devel-linux-x86_64-debian-clang

Version: 0.0.7
Check: re-building of vignette outputs
Result: WARN
    Error in re-building vignettes:
     ...
    Warning: Removed 92 rows containing missing values (geom_path).
    Warning: Removed 71 rows containing missing values (geom_path).
    Warning: Removed 120 rows containing missing values (geom_path).
    Warning: Removed 125 rows containing missing values (geom_path).
    Warning: Removed 30 rows containing missing values (geom_path).
    Apr 27, 2018 7:50:34 PM com.github.fommil.netlib.BLAS <clinit>
    WARNING: Failed to load implementation from: com.github.fommil.netlib.NativeSystemBLAS
    Apr 27, 2018 7:50:34 PM com.github.fommil.netlib.BLAS <clinit>
    WARNING: Failed to load implementation from: com.github.fommil.netlib.NativeRefBLAS
    Apr 27, 2018 7:50:34 PM com.github.fommil.netlib.LAPACK <clinit>
    WARNING: Failed to load implementation from: com.github.fommil.netlib.NativeSystemLAPACK
    Apr 27, 2018 7:50:34 PM com.github.fommil.netlib.LAPACK <clinit>
    WARNING: Failed to load implementation from: com.github.fommil.netlib.NativeRefLAPACK
    Killed
Flavor: r-patched-linux-x86_64

Version: 0.0.7
Check: re-building of vignette outputs
Result: WARN
    Error in re-building vignettes:
     ...
    Warning: Removed 92 rows containing missing values (geom_path).
    Warning: Removed 71 rows containing missing values (geom_path).
    Warning: Removed 120 rows containing missing values (geom_path).
    Warning: Removed 125 rows containing missing values (geom_path).
    Warning: Removed 30 rows containing missing values (geom_path).
    Apr 28, 2018 7:50:07 AM com.github.fommil.netlib.BLAS <clinit>
    WARNING: Failed to load implementation from: com.github.fommil.netlib.NativeSystemBLAS
    Apr 28, 2018 7:50:07 AM com.github.fommil.netlib.BLAS <clinit>
    WARNING: Failed to load implementation from: com.github.fommil.netlib.NativeRefBLAS
    Apr 28, 2018 7:50:07 AM com.github.fommil.netlib.LAPACK <clinit>
    WARNING: Failed to load implementation from: com.github.fommil.netlib.NativeSystemLAPACK
    Apr 28, 2018 7:50:07 AM com.github.fommil.netlib.LAPACK <clinit>
    WARNING: Failed to load implementation from: com.github.fommil.netlib.NativeRefLAPACK
    Killed
Flavor: r-release-linux-x86_64