CRAN Package Check Results for Package diseasemapping

Last updated on 2018-04-29 01:46:45 CEST.

Flavor Version Tinstall Tcheck Ttotal Status Flags
r-devel-linux-x86_64-debian-clang 1.4.2 3.52 69.76 73.28 NOTE
r-devel-linux-x86_64-debian-gcc 1.4.2 2.87 61.54 64.41 NOTE
r-devel-linux-x86_64-fedora-clang 1.4.2 84.51 OK
r-devel-linux-x86_64-fedora-gcc 1.4.2 82.47 OK
r-devel-windows-ix86+x86_64 1.4.2 9.00 116.00 125.00 OK
r-patched-linux-x86_64 1.4.2 3.57 68.81 72.38 NOTE
r-patched-solaris-x86 1.4.2 129.30 NOTE
r-release-linux-x86_64 1.4.2 3.41 67.99 71.40 NOTE
r-release-windows-ix86+x86_64 1.4.2 9.00 116.00 125.00 OK
r-release-osx-x86_64 1.4.2 NOTE
r-oldrel-windows-ix86+x86_64 1.4.2 4.00 111.00 115.00 OK
r-oldrel-osx-x86_64 1.4.2 NOTE

Check Details

Version: 1.4.2
Check: package dependencies
Result: NOTE
    Package which this enhances but not available for checking: ‘INLA’
Flavors: r-devel-linux-x86_64-debian-clang, r-devel-linux-x86_64-debian-gcc, r-patched-linux-x86_64, r-patched-solaris-x86, r-release-linux-x86_64, r-release-osx-x86_64, r-oldrel-osx-x86_64

Version: 1.4.2
Check: Rd cross-references
Result: NOTE
    Package unavailable to check Rd xrefs: ‘INLA’
Flavors: r-devel-linux-x86_64-debian-clang, r-devel-linux-x86_64-debian-gcc, r-patched-linux-x86_64, r-patched-solaris-x86, r-release-linux-x86_64, r-release-osx-x86_64, r-oldrel-osx-x86_64