Last updated on 2018-04-29 01:46:45 CEST.
Flavor | Version | Tinstall | Tcheck | Ttotal | Status | Flags |
---|---|---|---|---|---|---|
r-devel-linux-x86_64-debian-clang | 1.0 | 9.08 | 25.10 | 34.18 | WARN | |
r-devel-linux-x86_64-debian-gcc | 1.0 | 6.56 | 21.73 | 28.29 | WARN | |
r-devel-linux-x86_64-fedora-clang | 1.0 | 38.67 | WARN | |||
r-devel-linux-x86_64-fedora-gcc | 1.0 | 35.01 | WARN | |||
r-devel-windows-ix86+x86_64 | 1.0 | 65.00 | 70.00 | 135.00 | WARN | |
r-patched-linux-x86_64 | 1.0 | 8.89 | 24.87 | 33.76 | WARN | |
r-patched-solaris-x86 | 1.0 | 70.10 | NOTE | |||
r-release-linux-x86_64 | 1.0 | 8.88 | 24.32 | 33.20 | WARN | |
r-release-windows-ix86+x86_64 | 1.0 | 65.00 | 70.00 | 135.00 | WARN | |
r-release-osx-x86_64 | 1.0 | NOTE | ||||
r-oldrel-windows-ix86+x86_64 | 1.0 | 34.00 | 60.00 | 94.00 | NOTE | |
r-oldrel-osx-x86_64 | 1.0 | NOTE |
Version: 1.0
Check: pragmas in C/C++ headers and code
Result: WARN
File which contains pragma(s) suppressing important diagnostics:
‘inst/include/dlib/matrix/matrix_data_layout.h’
Files which contain pragma(s) suppressing diagnostics:
‘inst/include/dlib/external/libjpeg/jdhuff.cpp’
‘inst/include/dlib/external/libjpeg/jdphuff.cpp’
‘inst/include/dlib/matrix/matrix_assign_fwd.h’
‘inst/include/dlib/smart_pointers/shared_ptr.h’
‘inst/include/dlib/smart_pointers/shared_ptr_thread_safe.h’
‘inst/include/dlib/test/optimization_test_functions.h’
‘inst/include/dlib/test/smart_pointers.cpp’
Flavors: r-devel-linux-x86_64-debian-clang, r-devel-linux-x86_64-debian-gcc, r-devel-linux-x86_64-fedora-clang, r-devel-linux-x86_64-fedora-gcc, r-devel-windows-ix86+x86_64, r-patched-linux-x86_64, r-release-linux-x86_64, r-release-windows-ix86+x86_64
Version: 1.0
Check: installed package size
Result: NOTE
installed size is 19.9Mb
sub-directories of 1Mb or more:
include 19.7Mb
Flavors: r-devel-linux-x86_64-fedora-clang, r-devel-linux-x86_64-fedora-gcc, r-devel-windows-ix86+x86_64, r-patched-solaris-x86, r-release-windows-ix86+x86_64, r-release-osx-x86_64, r-oldrel-windows-ix86+x86_64, r-oldrel-osx-x86_64