CRAN Package Check Results for Package dlm

Last updated on 2018-04-29 01:46:45 CEST.

Flavor Version Tinstall Tcheck Ttotal Status Flags
r-devel-linux-x86_64-debian-clang 1.1-4 11.93 35.23 47.16 ERROR
r-devel-linux-x86_64-debian-gcc 1.1-4 9.54 28.38 37.92 ERROR
r-devel-linux-x86_64-fedora-clang 1.1-4 100.53 NOTE
r-devel-linux-x86_64-fedora-gcc 1.1-4 94.55 NOTE
r-devel-windows-ix86+x86_64 1.1-4 32.00 115.00 147.00 NOTE
r-patched-linux-x86_64 1.1-4 10.15 35.42 45.57 ERROR
r-patched-solaris-x86 1.1-4 140.80 NOTE
r-release-linux-x86_64 1.1-4 11.59 35.16 46.75 ERROR
r-release-windows-ix86+x86_64 1.1-4 32.00 115.00 147.00 NOTE
r-release-osx-x86_64 1.1-4 NOTE
r-oldrel-windows-ix86+x86_64 1.1-4 16.00 113.00 129.00 NOTE
r-oldrel-osx-x86_64 1.1-4 NOTE

Check Details

Version: 1.1-4
Check: DESCRIPTION meta-information
Result: NOTE
    Malformed Description field: should contain one or more complete sentences.
Flavors: r-devel-linux-x86_64-debian-clang, r-devel-linux-x86_64-debian-gcc, r-devel-linux-x86_64-fedora-clang, r-devel-linux-x86_64-fedora-gcc, r-devel-windows-ix86+x86_64, r-patched-linux-x86_64, r-patched-solaris-x86, r-release-linux-x86_64, r-release-windows-ix86+x86_64, r-release-osx-x86_64, r-oldrel-windows-ix86+x86_64, r-oldrel-osx-x86_64

Version: 1.1-4
Check: S3 generic/method consistency
Result: NOTE
    Found the following apparent S3 methods exported but not registered:
     dlmSmooth.default
    See section ‘Registering S3 methods’ in the ‘Writing R Extensions’
    manual.
Flavors: r-devel-linux-x86_64-debian-clang, r-devel-linux-x86_64-debian-gcc, r-devel-linux-x86_64-fedora-clang, r-devel-linux-x86_64-fedora-gcc, r-patched-linux-x86_64, r-patched-solaris-x86, r-release-linux-x86_64

Version: 1.1-4
Check: R code for possible problems
Result: NOTE
    arms: no visible global function definition for ‘rnorm’
    dlmBSample: no visible global function definition for ‘tsp’
    dlmBSample: no visible global function definition for ‘rnorm’
    dlmBSample: no visible global function definition for ‘tsp<-’
    dlmFilter: no visible global function definition for ‘tsp’
    dlmFilter: no visible global function definition for ‘tsp<-’
    dlmForecast: no visible global function definition for ‘is.ts’
    dlmForecast: no visible global function definition for ‘window’
    dlmForecast: no visible global function definition for ‘end’
    dlmForecast: no visible global function definition for ‘tsp<-’
    dlmForecast: no visible global function definition for ‘tsp’
    dlmForecast: no visible global function definition for ‘rnorm’
    dlmForecast: no visible global function definition for ‘ts’
    dlmForecast : <anonymous>: no visible global function definition for
     ‘ts’
    dlmGibbsDIG: no visible global function definition for ‘hasArg’
    dlmGibbsDIG: no visible global function definition for ‘txtProgressBar’
    dlmGibbsDIG: no visible global function definition for
     ‘setTxtProgressBar’
    dlmGibbsDIG: no visible global function definition for ‘rgamma’
    dlmMLE: no visible global function definition for ‘optim’
    dlmModARMA: no visible global function definition for ‘hasArg’
    dlmModTrig: no visible global function definition for ‘hasArg’
    dlmRandom: no visible global function definition for ‘rnorm’
    dlmRandom: no visible global function definition for ‘runif’
    dlmRandom: no visible global function definition for ‘hasArg’
    dropFirst: no visible global function definition for ‘start’
    dropFirst: no visible global function definition for ‘frequency’
    dropFirst: no visible global function definition for ‘window’
    dropFirst: no visible global function definition for ‘tsp’
    ergMean: no visible global function definition for ‘hasArg’
    mcmcMean : univariateSD: no visible global function definition for
     ‘acf’
    mcmcMean : univariateSD: no visible global function definition for
     ‘var’
    mcmcMeans : univariateSD: no visible global function definition for
     ‘acf’
    mcmcMeans : univariateSD: no visible global function definition for
     ‘var’
    mcmcSD : univariate: no visible global function definition for ‘acf’
    mcmcSD : univariate: no visible global function definition for ‘var’
    residuals.dlmFiltered: no visible global function definition for
     ‘is.ts’
    rwishart: no visible global function definition for ‘rchisq’
    rwishart: no visible global function definition for ‘rnorm’
    tsdiag.dlmFiltered: no visible global function definition for
     ‘residuals’
    tsdiag.dlmFiltered: no visible global function definition for ‘par’
    tsdiag.dlmFiltered: no visible global function definition for ‘plot’
    tsdiag.dlmFiltered: no visible global function definition for ‘abline’
    tsdiag.dlmFiltered: no visible global function definition for ‘acf’
    tsdiag.dlmFiltered: no visible binding for global variable ‘na.pass’
    tsdiag.dlmFiltered: no visible global function definition for
     ‘Box.test’
    tsdiag.dlmFiltered: no visible global function definition for
     ‘dev.interactive’
    tsdiag.dlmFiltered: no visible global function definition for ‘mtext’
    Undefined global functions or variables:
     Box.test abline acf dev.interactive end frequency hasArg is.ts mtext
     na.pass optim par plot rchisq residuals rgamma rnorm runif
     setTxtProgressBar start ts tsp tsp<- txtProgressBar var window
    Consider adding
     importFrom("grDevices", "dev.interactive")
     importFrom("graphics", "abline", "mtext", "par", "plot")
     importFrom("methods", "hasArg")
     importFrom("stats", "Box.test", "acf", "end", "frequency", "is.ts",
     "na.pass", "optim", "rchisq", "residuals", "rgamma",
     "rnorm", "runif", "start", "ts", "tsp", "tsp<-", "var",
     "window")
     importFrom("utils", "setTxtProgressBar", "txtProgressBar")
    to your NAMESPACE file (and ensure that your DESCRIPTION Imports field
    contains 'methods').
Flavors: r-devel-linux-x86_64-debian-clang, r-devel-linux-x86_64-debian-gcc, r-devel-linux-x86_64-fedora-clang, r-devel-linux-x86_64-fedora-gcc, r-devel-windows-ix86+x86_64, r-patched-linux-x86_64, r-patched-solaris-x86, r-release-linux-x86_64, r-release-windows-ix86+x86_64, r-release-osx-x86_64, r-oldrel-windows-ix86+x86_64, r-oldrel-osx-x86_64

Version: 1.1-4
Check: compiled code
Result: NOTE
    File ‘dlm/libs/dlm.so’:
     Found no calls to: ‘R_registerRoutines’, ‘R_useDynamicSymbols’
    
    It is good practice to register native routines and to disable symbol
    search.
    
    See ‘Writing portable packages’ in the ‘Writing R Extensions’ manual.
Flavors: r-devel-linux-x86_64-debian-clang, r-devel-linux-x86_64-debian-gcc, r-devel-linux-x86_64-fedora-clang, r-devel-linux-x86_64-fedora-gcc, r-patched-linux-x86_64, r-release-linux-x86_64

Version: 1.1-4
Check: examples
Result: ERROR
    Running examples in ‘dlm-Ex.R’ failed
    The error most likely occurred in:
    
    > base::assign(".ptime", proc.time(), pos = "CheckExEnv")
    > ### Name: dlmSmooth
    > ### Title: DLM smoothing
    > ### Aliases: dlmSmooth dlmSmooth.dlmFiltered dlmSmooth.default
    > ### Keywords: ts smooth misc
    >
    > ### ** Examples
    >
    > s <- dlmSmooth(Nile, dlmModPoly(1, dV = 15100, dW = 1470))
    Error in UseMethod("dlmSmooth", y) :
     no applicable method for 'dlmSmooth' applied to an object of class "ts"
    Calls: dlmSmooth
    Execution halted
Flavors: r-devel-linux-x86_64-debian-clang, r-devel-linux-x86_64-debian-gcc, r-patched-linux-x86_64, r-release-linux-x86_64

Version: 1.1-4
Check: re-building of vignette outputs
Result: WARN
    Error in re-building vignettes:
     ...
    Warning in dlmLL(y = y, mod = mod, debug = debug) :
     a numerically singular 'V' has been slightly perturbed to make it nonsingular
    Warning in dlmLL(y = y, mod = mod, debug = debug) :
     a numerically singular 'V' has been slightly perturbed to make it nonsingular
    Warning in dlmLL(y = y, mod = mod, debug = debug) :
     a numerically singular 'V' has been slightly perturbed to make it nonsingular
    Warning in dlmLL(y = y, mod = mod, debug = debug) :
     a numerically singular 'V' has been slightly perturbed to make it nonsingular
    Warning in dlmLL(y = y, mod = mod, debug = debug) :
     a numerically singular 'V' has been slightly perturbed to make it nonsingular
    Warning in dlmLL(y = y, mod = mod, debug = debug) :
     a numerically singular 'V' has been slightly perturbed to make it nonsingular
    Warning in dlmLL(y = y, mod = mod, debug = debug) :
     a numerically singular 'V' has been slightly perturbed to make it nonsingular
    
    Error: processing vignette ‘dlm.Rnw’ failed with diagnostics:
     chunk 19
    Error in UseMethod("dlmSmooth", y) :
     no applicable method for ‘dlmSmooth’ applied to an object of class "ts"
    Execution halted
Flavors: r-devel-linux-x86_64-debian-clang, r-devel-linux-x86_64-debian-gcc, r-patched-linux-x86_64, r-release-linux-x86_64