Last updated on 2018-04-29 01:46:45 CEST.
Flavor | Version | Tinstall | Tcheck | Ttotal | Status | Flags |
---|---|---|---|---|---|---|
r-devel-linux-x86_64-debian-gcc | 0.3.0 | 8.83 | 162.72 | 171.55 | OK | |
r-devel-linux-x86_64-fedora-clang | 0.3.0 | 142.37 | NOTE | |||
r-devel-linux-x86_64-fedora-gcc | 0.3.0 | 144.88 | NOTE | |||
r-devel-windows-ix86+x86_64 | 0.3.0 | 26.00 | 208.00 | 234.00 | OK | |
r-patched-linux-x86_64 | 0.3.0 | 10.02 | 184.97 | 194.99 | OK | |
r-patched-solaris-x86 | 0.3.0 | 326.50 | NOTE | |||
r-release-linux-x86_64 | 0.3.0 | 11.41 | 184.34 | 195.75 | OK | |
r-release-windows-ix86+x86_64 | 0.3.0 | 26.00 | 208.00 | 234.00 | OK |
Version: 0.3.0
Check: dependencies in R code
Result: NOTE
Namespace in Imports field not imported from: ‘randomForest’
All declared Imports should be used.
Flavors: r-devel-linux-x86_64-fedora-clang, r-devel-linux-x86_64-fedora-gcc, r-patched-solaris-x86