Last updated on 2018-04-29 01:46:46 CEST.
Flavor | Version | Tinstall | Tcheck | Ttotal | Status | Flags |
---|---|---|---|---|---|---|
r-devel-linux-x86_64-debian-clang | 0.1.2 | 4.78 | 67.04 | 71.82 | NOTE | |
r-devel-linux-x86_64-debian-gcc | 0.1.2 | 4.95 | 59.59 | 64.54 | NOTE | |
r-devel-linux-x86_64-fedora-clang | 0.1.2 | 85.68 | NOTE | |||
r-devel-linux-x86_64-fedora-gcc | 0.1.2 | 83.30 | NOTE | |||
r-devel-windows-ix86+x86_64 | 0.1.2 | 13.00 | 110.00 | 123.00 | OK | |
r-patched-linux-x86_64 | 0.1.2 | 5.69 | 64.90 | 70.59 | NOTE | |
r-patched-solaris-x86 | 0.1.2 | 130.10 | OK | |||
r-release-linux-x86_64 | 0.1.2 | 5.45 | 65.93 | 71.38 | NOTE | |
r-release-windows-ix86+x86_64 | 0.1.2 | 13.00 | 110.00 | 123.00 | OK | |
r-release-osx-x86_64 | 0.1.2 | OK | ||||
r-oldrel-windows-ix86+x86_64 | 0.1.2 | 12.00 | 138.00 | 150.00 | OK | |
r-oldrel-osx-x86_64 | 0.1.2 | OK |
Version: 0.1.2
Check: compiled code
Result: NOTE
File ‘dynpred/libs/dynpred.so’:
Found no calls to: ‘R_registerRoutines’, ‘R_useDynamicSymbols’
It is good practice to register native routines and to disable symbol
search.
See ‘Writing portable packages’ in the ‘Writing R Extensions’ manual.
Flavors: r-devel-linux-x86_64-debian-clang, r-devel-linux-x86_64-debian-gcc, r-devel-linux-x86_64-fedora-clang, r-devel-linux-x86_64-fedora-gcc, r-patched-linux-x86_64, r-release-linux-x86_64