Last updated on 2018-04-29 01:46:46 CEST.
Flavor | Version | Tinstall | Tcheck | Ttotal | Status | Flags |
---|---|---|---|---|---|---|
r-devel-linux-x86_64-debian-clang | 0.1.0 | 5.87 | 248.04 | 253.91 | OK | |
r-devel-linux-x86_64-debian-gcc | 0.1.0 | 4.92 | 164.89 | 169.81 | OK | |
r-devel-linux-x86_64-fedora-clang | 0.1.0 | 298.17 | NOTE | |||
r-devel-linux-x86_64-fedora-gcc | 0.1.0 | 260.51 | NOTE | |||
r-devel-windows-ix86+x86_64 | 0.1.0 | 15.00 | 302.00 | 317.00 | OK | |
r-patched-linux-x86_64 | 0.1.0 | 5.58 | 210.32 | 215.90 | NOTE | |
r-patched-solaris-x86 | 0.1.0 | 517.30 | NOTE | |||
r-release-linux-x86_64 | 0.1.0 | 4.72 | 225.51 | 230.23 | NOTE | |
r-release-windows-ix86+x86_64 | 0.1.0 | 15.00 | 302.00 | 317.00 | OK | |
r-release-osx-x86_64 | 0.1.0 | NOTE | ||||
r-oldrel-windows-ix86+x86_64 | 0.1.0 | 5.00 | 249.00 | 254.00 | OK | |
r-oldrel-osx-x86_64 | 0.1.0 | ERROR |
Version: 0.1.0
Check: dependencies in R code
Result: NOTE
Namespace in Imports field not imported from: ‘pander’
All declared Imports should be used.
Flavors: r-devel-linux-x86_64-fedora-clang, r-devel-linux-x86_64-fedora-gcc, r-patched-solaris-x86, r-release-osx-x86_64
Version: 0.1.0
Check: DESCRIPTION meta-information
Result: NOTE
Dependence on R version ‘3.3.1’ not with patchlevel 0
Flavors: r-patched-linux-x86_64, r-release-linux-x86_64
Version: 0.1.0
Check: package dependencies
Result: ERROR
Package required but not available: ‘WGCNA’
See section ‘The DESCRIPTION file’ in the ‘Writing R Extensions’
manual.
Flavor: r-oldrel-osx-x86_64