Last updated on 2018-04-29 01:46:46 CEST.
Flavor | Version | Tinstall | Tcheck | Ttotal | Status | Flags |
---|---|---|---|---|---|---|
r-devel-linux-x86_64-debian-clang | 1.0.0 | 11.02 | 162.23 | 173.25 | OK | |
r-devel-linux-x86_64-debian-gcc | 1.0.0 | 10.55 | 139.28 | 149.83 | OK | |
r-devel-linux-x86_64-fedora-clang | 1.0.0 | 129.92 | OK | |||
r-devel-linux-x86_64-fedora-gcc | 1.0.0 | 140.67 | OK | |||
r-devel-windows-ix86+x86_64 | 1.0.0 | 109.00 | 339.00 | 448.00 | OK | |
r-patched-linux-x86_64 | 1.0.0 | 10.89 | 158.36 | 169.25 | OK | |
r-patched-solaris-x86 | 1.0.0 | 3.30 | ERROR | |||
r-release-linux-x86_64 | 1.0.0 | 9.74 | 159.00 | 168.74 | OK | |
r-release-windows-ix86+x86_64 | 1.0.0 | 109.00 | 339.00 | 448.00 | OK | |
r-release-osx-x86_64 | 1.0.0 | OK | ||||
r-oldrel-windows-ix86+x86_64 | 1.0.0 | 135.00 | 353.00 | 488.00 | OK |
Version: 1.0.0
Check: package dependencies
Result: ERROR
Package required but not available: ‘btergm’
See section ‘The DESCRIPTION file’ in the ‘Writing R Extensions’
manual.
Flavor: r-patched-solaris-x86