Last updated on 2018-04-29 01:46:46 CEST.
Flavor | Version | Tinstall | Tcheck | Ttotal | Status | Flags |
---|---|---|---|---|---|---|
r-devel-linux-x86_64-debian-clang | 1.1.2 | 10.61 | 100.65 | 111.26 | OK | |
r-devel-linux-x86_64-debian-gcc | 1.1.2 | 9.58 | 88.63 | 98.21 | OK | |
r-devel-linux-x86_64-fedora-clang | 1.1.2 | 131.98 | NOTE | |||
r-devel-linux-x86_64-fedora-gcc | 1.1.2 | 130.11 | NOTE | |||
r-devel-windows-ix86+x86_64 | 1.1.2 | 23.00 | 154.00 | 177.00 | OK | |
r-patched-linux-x86_64 | 1.1.2 | 9.34 | 96.23 | 105.57 | OK | |
r-patched-solaris-x86 | 1.1.2 | 185.10 | NOTE | |||
r-release-linux-x86_64 | 1.1.2 | 7.75 | 97.29 | 105.04 | OK | |
r-release-windows-ix86+x86_64 | 1.1.2 | 23.00 | 154.00 | 177.00 | OK | |
r-release-osx-x86_64 | 1.1.2 | NOTE | ||||
r-oldrel-windows-ix86+x86_64 | 1.1.2 | 13.00 | 153.00 | 166.00 | OK | |
r-oldrel-osx-x86_64 | 1.1.2 | NOTE |
Version: 1.1.2
Check: dependencies in R code
Result: NOTE
Namespaces in Imports field not imported from:
‘graphics’ ‘maptools’ ‘rgeos’
All declared Imports should be used.
Flavors: r-devel-linux-x86_64-fedora-clang, r-devel-linux-x86_64-fedora-gcc, r-patched-solaris-x86, r-release-osx-x86_64, r-oldrel-osx-x86_64
Version: 1.1.2
Check: data for non-ASCII characters
Result: NOTE
Note: found 24 marked Latin-1 strings
Flavors: r-devel-linux-x86_64-fedora-clang, r-devel-linux-x86_64-fedora-gcc, r-patched-solaris-x86, r-release-osx-x86_64, r-oldrel-osx-x86_64