CRAN Package Check Results for Package ems

Last updated on 2018-04-29 01:46:46 CEST.

Flavor Version Tinstall Tcheck Ttotal Status Flags
r-devel-linux-x86_64-debian-clang 1.0.0 5.95 33.71 39.66 OK
r-devel-linux-x86_64-debian-gcc 1.0.0 4.06 26.56 30.62 OK
r-devel-linux-x86_64-fedora-clang 1.0.0 46.16 NOTE
r-devel-linux-x86_64-fedora-gcc 1.0.0 45.02 NOTE
r-devel-windows-ix86+x86_64 1.0.0 9.00 41.00 50.00 OK
r-patched-linux-x86_64 1.0.0 4.74 33.16 37.90 NOTE
r-patched-solaris-x86 1.0.0 63.10 NOTE
r-release-linux-x86_64 1.0.0 5.08 32.74 37.82 NOTE
r-release-windows-ix86+x86_64 1.0.0 9.00 41.00 50.00 OK
r-release-osx-x86_64 1.0.0 NOTE
r-oldrel-windows-ix86+x86_64 1.0.0 3.00 41.00 44.00 OK
r-oldrel-osx-x86_64 1.0.0 NOTE

Check Details

Version: 1.0.0
Check: data for non-ASCII characters
Result: NOTE
     Note: found 23639 marked Latin-1 strings
Flavors: r-devel-linux-x86_64-fedora-clang, r-devel-linux-x86_64-fedora-gcc, r-patched-solaris-x86, r-release-osx-x86_64, r-oldrel-osx-x86_64

Version: 1.0.0
Check: DESCRIPTION meta-information
Result: NOTE
    Dependence on R version ‘3.3.1’ not with patchlevel 0
Flavors: r-patched-linux-x86_64, r-release-linux-x86_64