Last updated on 2018-04-29 01:46:47 CEST.
Flavor | Version | Tinstall | Tcheck | Ttotal | Status | Flags |
---|---|---|---|---|---|---|
r-devel-linux-x86_64-debian-clang | 0.5.0 | 3.17 | 44.90 | 48.07 | OK | |
r-devel-linux-x86_64-debian-gcc | 0.5.0 | 2.58 | 36.83 | 39.41 | OK | |
r-devel-linux-x86_64-fedora-clang | 0.5.0 | 30.22 | NOTE | |||
r-devel-linux-x86_64-fedora-gcc | 0.5.0 | 48.11 | NOTE | |||
r-devel-windows-ix86+x86_64 | 0.5.0 | 7.00 | 79.00 | 86.00 | OK | |
r-patched-linux-x86_64 | 0.5.0 | 2.96 | 43.34 | 46.30 | OK | |
r-release-linux-x86_64 | 0.5.0 | 3.09 | 43.15 | 46.24 | OK | |
r-release-windows-ix86+x86_64 | 0.5.0 | 7.00 | 79.00 | 86.00 | OK | |
r-release-osx-x86_64 | 0.3.4 | ERROR | ||||
r-oldrel-windows-ix86+x86_64 | 0.5.0 | 6.00 | 59.00 | 65.00 | OK | |
r-oldrel-osx-x86_64 | 0.3.4 | NOTE |
Version: 0.5.0
Check: dependencies in R code
Result: NOTE
Namespaces in Imports field not imported from:
‘BiocParallel’ ‘broom’ ‘reshape2’ ‘rmarkdown’
All declared Imports should be used.
Flavors: r-devel-linux-x86_64-fedora-clang, r-devel-linux-x86_64-fedora-gcc
Version: 0.3.4
Check: package dependencies
Result: ERROR
Package required but not available: ‘xcms’
Package suggested but not available for checking: ‘faahKO’
See section ‘The DESCRIPTION file’ in the ‘Writing R Extensions’
manual.
Flavor: r-release-osx-x86_64
Version: 0.3.4
Check: package dependencies
Result: NOTE
Package suggested but not available for checking: ‘faahKO’
Flavor: r-oldrel-osx-x86_64
Version: 0.3.4
Check: dependencies in R code
Result: NOTE
Namespace in Imports field not imported from: ‘BiocParallel’
All declared Imports should be used.
Flavor: r-oldrel-osx-x86_64