Last updated on 2018-04-29 01:46:47 CEST.
Flavor | Version | Tinstall | Tcheck | Ttotal | Status | Flags |
---|---|---|---|---|---|---|
r-devel-linux-x86_64-debian-clang | 1.1.0 | 2.80 | 41.98 | 44.78 | OK | |
r-devel-linux-x86_64-debian-gcc | 1.1.0 | 2.48 | 33.80 | 36.28 | OK | |
r-devel-linux-x86_64-fedora-clang | 1.1.0 | 50.53 | NOTE | |||
r-devel-linux-x86_64-fedora-gcc | 1.1.0 | 49.20 | NOTE | |||
r-devel-windows-ix86+x86_64 | 1.1.0 | 8.00 | 77.00 | 85.00 | OK | |
r-patched-linux-x86_64 | 1.1.0 | 2.40 | 40.51 | 42.91 | OK | |
r-patched-solaris-x86 | 1.1.0 | 68.90 | WARN | |||
r-release-linux-x86_64 | 1.1.0 | 1.87 | 39.93 | 41.80 | OK | |
r-release-windows-ix86+x86_64 | 1.1.0 | 8.00 | 77.00 | 85.00 | OK | |
r-release-osx-x86_64 | 1.1.0 | WARN | ||||
r-oldrel-windows-ix86+x86_64 | 1.1.0 | 6.00 | 61.00 | 67.00 | OK | |
r-oldrel-osx-x86_64 | 1.1.0 | WARN |
Version: 1.1.0
Check: dependencies in R code
Result: NOTE
Namespace in Imports field not imported from: ‘colorspace’
All declared Imports should be used.
Flavors: r-devel-linux-x86_64-fedora-clang, r-devel-linux-x86_64-fedora-gcc, r-patched-solaris-x86, r-release-osx-x86_64, r-oldrel-osx-x86_64
Version: 1.1.0
Check: re-building of vignette outputs
Result: WARN
Error in re-building vignettes:
...
Warning in engine$weave(file, quiet = quiet, encoding = enc) :
Pandoc (>= 1.12.3) and/or pandoc-citeproc not available. Falling back to R Markdown v1.
Quitting from lines 150-151 (epicontacts.Rmd)
Error: processing vignette 'epicontacts.Rmd' failed with diagnostics:
there is no package called 'webshot'
Execution halted
Flavor: r-patched-solaris-x86
Version: 1.1.0
Check: re-building of vignette outputs
Result: WARN
Error in re-building vignettes:
...
Warning in engine$weave(file, quiet = quiet, encoding = enc) :
Pandoc (>= 1.12.3) and/or pandoc-citeproc not available. Falling back to R Markdown v1.
PhantomJS not found. You can install it with webshot::install_phantomjs(). If it is installed, please make sure the phantomjs executable can be found via the PATH variable.
Warning in normalizePath(f2) :
path[1]="./webshot54225f141465.png": No such file or directory
Warning in file(con, "rb") :
cannot open file './webshot54225f141465.png': No such file or directory
Quitting from lines 150-151 (epicontacts.Rmd)
Error: processing vignette 'epicontacts.Rmd' failed with diagnostics:
cannot open the connection
Execution halted
Flavor: r-release-osx-x86_64
Version: 1.1.0
Check: re-building of vignette outputs
Result: WARN
Error in re-building vignettes:
...
Warning in engine$weave(file, quiet = quiet, encoding = enc) :
Pandoc (>= 1.12.3) and/or pandoc-citeproc not available. Falling back to R Markdown v1.
PhantomJS not found. You can install it with webshot::install_phantomjs(). If it is installed, please make sure the phantomjs executable can be found via the PATH variable.
Warning in normalizePath(f2) :
path[1]="./webshot19815cfbc06b.png": No such file or directory
Warning in file(con, "rb") :
cannot open file './webshot19815cfbc06b.png': No such file or directory
Quitting from lines 150-151 (epicontacts.Rmd)
Error: processing vignette 'epicontacts.Rmd' failed with diagnostics:
cannot open the connection
Execution halted
Flavor: r-oldrel-osx-x86_64