CRAN Package Check Results for Package fBasics

Last updated on 2018-04-29 01:46:47 CEST.

Flavor Version Tinstall Tcheck Ttotal Status Flags
r-devel-linux-x86_64-debian-clang 3042.89 163.30 158.17 321.47 NOTE
r-devel-linux-x86_64-debian-gcc 3042.89 133.32 127.62 260.94 NOTE
r-devel-linux-x86_64-fedora-clang 3042.89 461.16 NOTE
r-devel-linux-x86_64-fedora-gcc 3042.89 388.78 NOTE
r-devel-windows-ix86+x86_64 3042.89 235.00 250.00 485.00 OK
r-patched-linux-x86_64 3042.89 144.17 154.40 298.57 NOTE
r-patched-solaris-x86 3042.89 1420.70 OK
r-release-linux-x86_64 3042.89 139.25 152.75 292.00 NOTE
r-release-windows-ix86+x86_64 3042.89 235.00 250.00 485.00 OK
r-release-osx-x86_64 3042.89 OK
r-oldrel-windows-ix86+x86_64 3042.89 16.00 309.00 325.00 OK
r-oldrel-osx-x86_64 3042.89 OK

Check Details

Version: 3042.89
Check: compiled code
Result: NOTE
    File ‘fBasics/libs/fBasics.so’:
     Found no calls to: ‘R_registerRoutines’, ‘R_useDynamicSymbols’
    
    It is good practice to register native routines and to disable symbol
    search.
    
    See ‘Writing portable packages’ in the ‘Writing R Extensions’ manual.
Flavors: r-devel-linux-x86_64-debian-clang, r-devel-linux-x86_64-debian-gcc, r-devel-linux-x86_64-fedora-clang, r-devel-linux-x86_64-fedora-gcc, r-patched-linux-x86_64, r-release-linux-x86_64