Last updated on 2018-04-29 01:46:49 CEST.
Flavor | Version | Tinstall | Tcheck | Ttotal | Status | Flags |
---|---|---|---|---|---|---|
r-devel-linux-x86_64-debian-clang | 3042.83 | 17.86 | 121.88 | 139.74 | NOTE | |
r-devel-linux-x86_64-debian-gcc | 3042.83 | 17.84 | 109.89 | 127.73 | NOTE | |
r-devel-linux-x86_64-fedora-clang | 3042.83 | 179.65 | NOTE | |||
r-devel-linux-x86_64-fedora-gcc | 3042.83 | 170.09 | NOTE | |||
r-devel-windows-ix86+x86_64 | 3042.83 | 34.00 | 173.00 | 207.00 | NOTE | |
r-patched-linux-x86_64 | 3042.83 | 16.61 | 121.23 | 137.84 | NOTE | |
r-release-linux-x86_64 | 3042.83 | 16.78 | 122.66 | 139.44 | NOTE | |
r-release-windows-ix86+x86_64 | 3042.83 | 34.00 | 173.00 | 207.00 | NOTE | |
r-release-osx-x86_64 | 3042.83 | ERROR | ||||
r-oldrel-windows-ix86+x86_64 | 3042.83 | 13.00 | 118.00 | 131.00 | NOTE | |
r-oldrel-osx-x86_64 | 3042.83 | ERROR |
Version: 3042.83
Check: package dependencies
Result: NOTE
Packages suggested but not available for checking:
‘Rsocp’ ‘Rnlminb2’ ‘Rdonlp2’
Flavors: r-devel-linux-x86_64-debian-clang, r-devel-linux-x86_64-debian-gcc, r-devel-linux-x86_64-fedora-clang, r-devel-linux-x86_64-fedora-gcc, r-devel-windows-ix86+x86_64, r-patched-linux-x86_64, r-release-linux-x86_64, r-release-windows-ix86+x86_64, r-oldrel-windows-ix86+x86_64
Version: 3042.83
Check: package dependencies
Result: ERROR
Package required but not available: ‘Rglpk’
Packages suggested but not available for checking:
‘Rsocp’ ‘Rnlminb2’ ‘Rdonlp2’ ‘Rsymphony’
See section ‘The DESCRIPTION file’ in the ‘Writing R Extensions’
manual.
Flavors: r-release-osx-x86_64, r-oldrel-osx-x86_64