Last updated on 2018-04-29 01:46:47 CEST.
Flavor | Version | Tinstall | Tcheck | Ttotal | Status | Flags |
---|---|---|---|---|---|---|
r-devel-linux-x86_64-debian-clang | 0.8.3 | 68.71 | 35.96 | 104.67 | NOTE | |
r-devel-linux-x86_64-debian-gcc | 0.8.3 | 64.07 | 29.46 | 93.53 | NOTE | |
r-devel-linux-x86_64-fedora-clang | 0.8.3 | 143.47 | NOTE | |||
r-devel-linux-x86_64-fedora-gcc | 0.8.3 | 141.27 | NOTE | |||
r-devel-windows-ix86+x86_64 | 0.8.3 | 178.00 | 94.00 | 272.00 | OK | |
r-patched-linux-x86_64 | 0.8.3 | 79.46 | 35.79 | 115.25 | NOTE | |
r-patched-solaris-x86 | 0.8.3 | 138.30 | OK | |||
r-release-linux-x86_64 | 0.8.3 | 76.66 | 35.36 | 112.02 | NOTE | |
r-release-windows-ix86+x86_64 | 0.8.3 | 178.00 | 94.00 | 272.00 | OK | |
r-release-osx-x86_64 | 0.8.3 | OK | ||||
r-oldrel-windows-ix86+x86_64 | 0.8.3 | 133.00 | 92.00 | 225.00 | OK | |
r-oldrel-osx-x86_64 | 0.8.3 | OK |
Version: 0.8.3
Check: compiled code
Result: NOTE
File ‘factorstochvol/libs/factorstochvol.so’:
Found no calls to: ‘R_registerRoutines’, ‘R_useDynamicSymbols’
It is good practice to register native routines and to disable symbol
search.
See ‘Writing portable packages’ in the ‘Writing R Extensions’ manual.
Flavors: r-devel-linux-x86_64-debian-clang, r-devel-linux-x86_64-debian-gcc, r-devel-linux-x86_64-fedora-clang, r-devel-linux-x86_64-fedora-gcc, r-patched-linux-x86_64, r-release-linux-x86_64
Version: 0.8.3
Check: installed package size
Result: NOTE
installed size is 5.2Mb
sub-directories of 1Mb or more:
libs 4.8Mb
Flavor: r-devel-linux-x86_64-fedora-gcc